{"id":11296,"date":"2024-10-01T01:06:32","date_gmt":"2024-09-30T23:06:32","guid":{"rendered":"https:\/\/aspeninstitutece.softmedia.cz\/event\/kde-se-berou-mladi-extremiste-aspen-review-cafe\/"},"modified":"2024-11-25T16:13:16","modified_gmt":"2024-11-25T15:13:16","slug":"kde-se-berou-mladi-extremiste-aspen-review-cafe","status":"publish","type":"event","link":"https:\/\/www.aspeninstitutece.org\/cs\/event\/kde-se-berou-mladi-extremiste-aspen-review-cafe\/","title":{"rendered":"Kde se berou mlad\u00ed extremist\u00e9? &#8211; Aspen Review Caf\u00e9"},"content":{"rendered":"<p>Pro\u010d mlad\u00ed lid\u00e9 na Slovensku \u010d\u00edm d\u00e1l v\u00edce podporuj\u00ed krajn\u011b pravicov\u00e9 strany? Jak\u00e9 jsou p\u0159\u00ed\u010diny a d\u016fsledky? A jak lze postoje mlad\u00fdch ovliv\u0148ovat \u2013 kdo a jak\u00fdm zp\u016fsobem by je m\u011bl m\u00edrnit? A jak\u00e1 je situace v \u010cech\u00e1ch \u2013 je zde politick\u00fd radikalismus a extr\u00e9mismus u mlad\u00fdch tak\u00e9 na vzestupu?<\/p>\n<p>Nad t\u011bmito a dal\u0161\u00edmi t\u00e9maty bude diskutovat <strong>O\u013ega Gy\u00e1rf\u00e1\u0161ov\u00e1<\/strong> z Univerzity Komensk\u00e9ho v Bratislav\u011b a autorka \u010dl\u00e1nku z nov\u00e9ho \u010d\u00edsla <a href=\"http:\/\/aspen.review\" rel=\"noopener\">Aspen Review<\/a>\u00a0s n\u00e1zvem Generation Lost &amp; Found, spolu se sociologem <strong>Michalem Va\u0161e\u010dkou<\/strong> z Masarykovy univerzity v Brn\u011b. Diskuzi bude moderovat \u0159editel Aspen Institute Central Europe Ji\u0159\u00ed Schneider.<\/p>\n<p>Debata se uskute\u010dn\u00ed <strong>24. kv\u011btna od 17.00 hod<\/strong>. v kav\u00e1rn\u011b <strong>Praha v Brn\u011b<\/strong> (Husova 535\/18a, Brno).<\/p>\n<p>Sd\u00edlejte na\u0161i ud\u00e1lost na <a href=\"http:\/\/www.facebook.com\/events\/697893560383010\/\" rel=\"noopener\">Facebooku<\/a>!<\/p>\n<p>Aspen Review Caf\u00e9 je pravideln\u00e1 s\u00e9rie debat, kter\u00e9 doprov\u00e1z\u00ed vyd\u00e1n\u00ed na\u0161eho \u010dtvrtletn\u00edku Aspen Review. V r\u00e1mci nich d\u00e1v\u00e1me ve\u0159ejnosti mo\u017enost diskutovat nad aktu\u00e1ln\u00edmi t\u00e9maty s renomovan\u00fdmi experty a autory.<\/p>\n<p>T\u011b\u0161\u00edme se na Va\u0161i \u00fa\u010dast!<\/p>\n<p>&nbsp;<\/p>\n<p><img loading=\"lazy\" decoding=\"async\" class=\"alignnone size-large wp-image-3933\" src=\"https:\/\/www.aspeninstitutece.org\/wp-content\/uploads\/aspen-media\/2017\/05\/web_baner_aspen_review_cafe_2134x1600_origin-1024x768.jpg\" alt=\"\" width=\"1024\" height=\"768\" \/><\/p>\n","protected":false},"excerpt":{"rendered":"<p>Pro\u010d mlad\u00ed lid\u00e9 na Slovensku \u010d\u00edm d\u00e1l v\u00edce podporuj\u00ed krajn\u011b pravicov\u00e9 strany? Jak\u00e9 jsou p\u0159\u00ed\u010diny a d\u016fsledky? A jak lze postoje mlad\u00fdch ovliv\u0148ovat \u2013 kdo a jak\u00fdm zp\u016fsobem by je m\u011bl m\u00edrnit? A jak\u00e1 je situace v \u010cech\u00e1ch \u2013 je zde politick\u00fd radikalismus a extr\u00e9mismus u mlad\u00fdch tak\u00e9 na vzestupu? Nad t\u011bmito a dal\u0161\u00edmi t\u00e9maty [&hellip;]<\/p>\n","protected":false},"featured_media":0,"template":"","meta":{"_acf_changed":false},"events-tags":[],"class_list":["post-11296","event","type-event","status-publish","hentry"],"acf":[],"_links":{"self":[{"href":"https:\/\/www.aspeninstitutece.org\/cs\/wp-json\/wp\/v2\/event\/11296","targetHints":{"allow":["GET"]}}],"collection":[{"href":"https:\/\/www.aspeninstitutece.org\/cs\/wp-json\/wp\/v2\/event"}],"about":[{"href":"https:\/\/www.aspeninstitutece.org\/cs\/wp-json\/wp\/v2\/types\/event"}],"wp:attachment":[{"href":"https:\/\/www.aspeninstitutece.org\/cs\/wp-json\/wp\/v2\/media?parent=11296"}],"wp:term":[{"taxonomy":"events-tags","embeddable":true,"href":"https:\/\/www.aspeninstitutece.org\/cs\/wp-json\/wp\/v2\/events-tags?post=11296"}],"curies":[{"name":"wp","href":"https:\/\/api.w.org\/{rel}","templated":true}]}}

Kde se berou mladí extremisté? &#8211; Aspen Review Café

<p>Proč mladí lidé na Slovensku čím dál více podporují krajně pravicové strany? Jaké jsou příčiny a důsledky? A jak lze postoje mladých ovlivňovat – kdo a jakým způsobem by je měl mírnit? A jaká je situace v Čechách – je zde politický radikalismus a extrémismus u mladých také na vzestupu?</p>
<p>Nad těmito a dalšími tématy bude diskutovat <strong>Oľga Gyárfášová</strong> z Univerzity Komenského v Bratislavě a autorka článku z nového čísla <a href="http://aspen.review" rel="noopener">Aspen Review</a> s názvem Generation Lost &amp; Found, spolu se sociologem <strong>Michalem Vašečkou</strong> z Masarykovy univerzity v Brně. Diskuzi bude moderovat ředitel Aspen Institute Central Europe Jiří Schneider.</p>
<p>Debata se uskuteční <strong>24. května od 17.00 hod</strong>. v kavárně <strong>Praha v Brně</strong> (Husova 535/18a, Brno).</p>
<p>Sdílejte naši událost na <a href="http://www.facebook.com/events/697893560383010/" rel="noopener">Facebooku</a>!</p>
<p>Aspen Review Café je pravidelná série debat, které doprovází vydání našeho čtvrtletníku Aspen Review. V rámci nich dáváme veřejnosti možnost diskutovat nad aktuálními tématy s renomovanými experty a autory.</p>
<p>Těšíme se na Vaši účast!</p>
<p>&nbsp;</p>
<p><img loading="lazy" decoding="async" class="alignnone size-large wp-image-3933" src="https://www.aspeninstitutece.org/wp-content/uploads/aspen-media/2017/05/web_baner_aspen_review_cafe_2134x1600_origin-1024x768.jpg" alt="" width="1024" height="768" /></p>

<p>Proč mladí lidé na Slovensku čím dál více podporují krajně pravicové strany? Jaké jsou příčiny a důsledky? A jak lze postoje mladých ovlivňovat – kdo a jakým způsobem by je měl mírnit? A jaká je situace v Čechách – je zde politický radikalismus a extrémismus u mladých také na vzestupu? Nad těmito a dalšími tématy [&hellip;]</p>
