{"id":11311,"date":"2024-10-01T01:06:33","date_gmt":"2024-09-30T23:06:33","guid":{"rendered":"https:\/\/aspeninstitutece.softmedia.cz\/event\/art-match-hodnota-fotografie\/"},"modified":"2024-11-25T16:14:54","modified_gmt":"2024-11-25T15:14:54","slug":"art-match-hodnota-fotografie","status":"publish","type":"event","link":"https:\/\/www.aspeninstitutece.org\/cs\/event\/art-match-hodnota-fotografie\/","title":{"rendered":"Art Match: Hodnota fotografie"},"content":{"rendered":"<p>Fotograf a kur\u00e1tor Tom\u00e1\u0161 Posp\u011bch bude debatovat se sv\u00fdmi hosty nejen o tom, jak se v \u010desk\u00e9m prost\u0159ed\u00ed prom\u011b\u0148oval vztah k fotografii, \u0159e\u010d bude i o sb\u011bratelstv\u00ed fotografie a jej\u00ed hodnot\u011b \u2013 um\u011bleck\u00e9, investi\u010dn\u00ed, finan\u010dn\u00ed.<\/p>\n<p><strong>Hosty diskuze budou:<\/strong><\/p>\n<p>Ivan Pinkava, fotograf<\/p>\n<p>Pavel Lagner, kur\u00e1tor galeri\u00ed a um\u011bleck\u00fdch sb\u00edrek PPF Art a.s.<\/p>\n<p>Lucie Drdov\u00e1, kur\u00e1torka a galeristka<\/p>\n<p>&nbsp;<\/p>\n<p>Diskuze prob\u00edh\u00e1 ve spolupr\u00e1ci s\u00a0nada\u010dn\u00edm fondem Bohemian Heritage Fund.<\/p>\n<p>&nbsp;<\/p>\n<p>Z d\u016fvodu napln\u011bn\u00ed kapacity s\u00e1lu ji\u017e byla registrace uzav\u0159ena.<\/p>\n<div class=\"grammarly-disable-indicator\"><\/div>\n<div class=\"grammarly-disable-indicator\"><\/div>\n<div class=\"grammarly-disable-indicator\"><\/div>\n","protected":false},"excerpt":{"rendered":"<p>Public Debate &#8211; Prague, Czech Republic<\/p>\n","protected":false},"featured_media":0,"template":"","meta":{"_acf_changed":false},"events-tags":[],"class_list":["post-11311","event","type-event","status-publish","hentry"],"acf":[],"_links":{"self":[{"href":"https:\/\/www.aspeninstitutece.org\/cs\/wp-json\/wp\/v2\/event\/11311","targetHints":{"allow":["GET"]}}],"collection":[{"href":"https:\/\/www.aspeninstitutece.org\/cs\/wp-json\/wp\/v2\/event"}],"about":[{"href":"https:\/\/www.aspeninstitutece.org\/cs\/wp-json\/wp\/v2\/types\/event"}],"wp:attachment":[{"href":"https:\/\/www.aspeninstitutece.org\/cs\/wp-json\/wp\/v2\/media?parent=11311"}],"wp:term":[{"taxonomy":"events-tags","embeddable":true,"href":"https:\/\/www.aspeninstitutece.org\/cs\/wp-json\/wp\/v2\/events-tags?post=11311"}],"curies":[{"name":"wp","href":"https:\/\/api.w.org\/{rel}","templated":true}]}}

<p>Fotograf a kurátor Tomáš Pospěch bude debatovat se svými hosty nejen o tom, jak se v českém prostředí proměňoval vztah k fotografii, řeč bude i o sběratelství fotografie a její hodnotě – umělecké, investiční, finanční.</p>
<p><strong>Hosty diskuze budou:</strong></p>
<p>Ivan Pinkava, fotograf</p>
<p>Pavel Lagner, kurátor galerií a uměleckých sbírek PPF Art a.s.</p>
<p>Lucie Drdová, kurátorka a galeristka</p>
<p>&nbsp;</p>
<p>Diskuze probíhá ve spolupráci s nadačním fondem Bohemian Heritage Fund.</p>
<p>&nbsp;</p>
<p>Z důvodu naplnění kapacity sálu již byla registrace uzavřena.</p>
<div class="grammarly-disable-indicator"></div>
<div class="grammarly-disable-indicator"></div>
<div class="grammarly-disable-indicator"></div>
