{"id":11327,"date":"2024-10-01T01:06:34","date_gmt":"2024-09-30T23:06:34","guid":{"rendered":"https:\/\/aspeninstitutece.softmedia.cz\/event\/proc-e-government-kulha-za-byznysem\/"},"modified":"2024-11-25T16:11:31","modified_gmt":"2024-11-25T15:11:31","slug":"proc-e-government-kulha-za-byznysem","status":"publish","type":"event","link":"https:\/\/www.aspeninstitutece.org\/cs\/event\/proc-e-government-kulha-za-byznysem\/","title":{"rendered":"Pro\u010d e-government kulh\u00e1 za byznysem?"},"content":{"rendered":"<p><span style=\"font-weight: 400;\">Je to <\/span><b>paradox<\/b><span style=\"font-weight: 400;\">: v zemi, kde p\u016fsob\u00ed <\/span><b>\u0159ada mezin\u00e1rodn\u011b \u00fasp\u011b\u0161n\u00fdch firem v oblasti IT<\/b><span style=\"font-weight: 400;\"> a digit\u00e1ln\u00ed ekonomiky, se <\/span><b>neda\u0159\u00ed prov\u00e9st efektivn\u00ed digitalizaci ve\u0159ejn\u00e9 spr\u00e1vy<\/b><span style=\"font-weight: 400;\">. P\u0159\u00edklad\u016f bylo za posledn\u00ed l\u00e9ta hned n\u011bkolik, jako nap\u0159\u00edklad zdlouhav\u00e9 schvalov\u00e1n\u00ed z\u00e1kona o ob\u010dansk\u00fdch pr\u016fkazech nebo nepoveden\u00e1 sout\u011b\u017e o nov\u00e9 IT syst\u00e9my pro \u00fa\u0159ady pr\u00e1ce, kter\u00e1 podle \u0161et\u0159en\u00ed NK\u00da vedla k je\u0161t\u011b v\u011bt\u0161\u00edmu pl\u00fdtv\u00e1n\u00ed ve\u0159ejn\u00fdmi zdroji.<\/span><\/p>\n<p><span style=\"font-weight: 400;\">V mezin\u00e1rodn\u00edm srovn\u00e1n\u00ed se to ukazuje z\u0159eteln\u011b: v pr\u016fzkumu OSN <\/span><i><span style=\"font-weight: 400;\">E-Government Survey 2018 <\/span><\/i><span style=\"font-weight: 400;\">si <\/span><b>\u010cesko v oblasti digitalizace st\u00e1tn\u00ed spr\u00e1vy pohor\u0161ilo <\/b><span style=\"font-weight: 400;\">o \u010dty\u0159i p\u0159\u00ed\u010dky a kleslo na 54. m\u00edsto. <\/span><b>Ve srovn\u00e1n\u00ed se st\u00e1ty EU si nevede o nic l\u00e9pe<\/b><span style=\"font-weight: 400;\">. V <\/span><i><span style=\"font-weight: 400;\">The Digital Economy and Society Index (DESI) <\/span><\/i><span style=\"font-weight: 400;\">pro 2018, kter\u00fd p\u0159ipravuje Evropsk\u00e1 komise a m\u011b\u0159\u00ed vysp\u011blost digit\u00e1ln\u00ed ekonomiky zem\u00ed EU, jsme se <\/span><b>v dimenzi digit\u00e1ln\u00edch ve\u0159ejn\u00fdch slu\u017eeb (e-government a e-health) um\u00edstili na 22. p\u0159\u00ed\u010dce<\/b><span style=\"font-weight: 400;\">, p\u0159i\u010dem\u017e ze soused\u016f si v t\u00e9to oblasti vede h\u016f\u0159 jenom Polsko. V po\u010dtu <\/span><b>u\u017eivatel\u016f dosavadn\u011b zaveden\u00fdch e-slu\u017eeb<\/b><span style=\"font-weight: 400;\"> se \u010cR um\u00edstila s 15 procenty <\/span><b>a\u017e na 26. m\u00edst\u011b<\/b><span style=\"font-weight: 400;\"> z 28 \u010dlensk\u00fdch zem\u00ed.<\/span><\/p>\n<p><span style=\"font-weight: 400;\">Na druh\u00e9 stran\u011b stoj\u00ed robustn\u00ed <\/span><b>soukrom\u00fd IT sektor,<\/b><span style=\"font-weight: 400;\"> kter\u00fd je <\/span><b>\u00fasp\u011b\u0161n\u00fd nejen v \u010cR,<\/b><span style=\"font-weight: 400;\"> ale tak\u00e9 <\/span><b>v evropsk\u00e9m a sv\u011btov\u00e9m m\u011b\u0159\u00edtku<\/b><span style=\"font-weight: 400;\">. P\u0159\u00edkladem m\u016f\u017ee b\u00fdt nejen glob\u00e1ln\u011b zn\u00e1m\u00fd <\/span><b>Avast, <\/b><span style=\"font-weight: 400;\">ale tak\u00e9 spole\u010dnost <\/span><b>Ackee<\/b><span style=\"font-weight: 400;\">, kter\u00e1 z\u00edskala zak\u00e1zku na aplikaci pro n\u011bmeck\u00fd Bundestag, a mnoho dal\u0161\u00edch men\u0161\u00edch inovativn\u00edch firem a startup\u016f.\u00a0<\/span><span style=\"font-weight: 400;\">Digitalizace v\u0161ak p\u0159in\u00e1\u0161\u00ed i <\/span><b>mno\u017estv\u00ed bezpe\u010dnostn\u00edch rizik<\/b><span style=\"font-weight: 400;\">, \u00a0nap\u0159\u00edklad v oblasti uchov\u00e1v\u00e1n\u00ed osobn\u00edch dat v kyberprostoru. Rizikem m\u016f\u017ee b\u00fdt i samotn\u00e9 zapojen\u00ed soukrom\u00e9ho sektoru do kl\u00ed\u010dov\u00e9 IT infrastruktury st\u00e1tu. E-government si proto <\/span><b>vy\u017eaduje promy\u0161len\u00e1 \u0159e\u0161en\u00ed<\/b><span style=\"font-weight: 400;\"> bez nutnosti p\u0159edra\u017een\u00fdch ad-hoc z\u00e1plat. Z dosavadn\u00edch zku\u0161enost\u00ed vyvst\u00e1v\u00e1 mno\u017estv\u00ed nezodpov\u011bzen\u00fdch ot\u00e1zek: <\/span><\/p>\n<ul>\n<li style=\"font-weight: 400;\"><span style=\"font-weight: 400;\">Jak je na tom \u010cesko v oblasti digitalizace a <\/span><b>jak\u00e9 jsou pl\u00e1ny vl\u00e1dy<\/b><span style=\"font-weight: 400;\">, jak stagnaci p\u0159ekonat?<\/span><\/li>\n<li style=\"font-weight: 400;\"><span style=\"font-weight: 400;\">Je p\u0159\u00ed\u010dinou <\/span><b>zastaral\u00e1 \u201cpap\u00edrov\u00e1\u201d legislativa<\/b><span style=\"font-weight: 400;\"> nebo rozhodovac\u00ed procesy znehybn\u011bn\u00e9 <\/span><b>vlivem parci\u00e1ln\u00edch z\u00e1jm\u016f<\/b><span style=\"font-weight: 400;\">?<\/span><\/li>\n<li style=\"font-weight: 400;\"><span style=\"font-weight: 400;\">Jak tedy <\/span><b>otev\u0159\u00edt ve\u0159ejn\u00fd sektor inova\u010dn\u00edmu potenci\u00e1lu soukrom\u00e9ho sektoru<\/b><span style=\"font-weight: 400;\">? Jak \u010delit<\/span><b> mo\u017en\u00fdm bezpe\u010dnostn\u00edm rizik\u016fm<\/b><span style=\"font-weight: 400;\"> na rozhran\u00ed obou sektor\u016f? <\/span><\/li>\n<li style=\"font-weight: 400;\"><span style=\"font-weight: 400;\">Je cestou <\/span><b>sout\u011b\u017eit o nejlep\u0161\u00ed \u0159e\u0161en\u00ed <\/b><span style=\"font-weight: 400;\">a a\u017e n\u00e1sledn\u011b vyb\u00edrat dodavatele? Jak vytvo\u0159it podm\u00ednky, kde nerozhoduje velikost firmy a jej\u00ed ekonomick\u00e1 s\u00edla, ale <\/span><b>kvalita a inovativnost \u0159e\u0161en\u00ed<\/b><span style=\"font-weight: 400;\">?<\/span><\/li>\n<\/ul>\n<p><span style=\"font-weight: 400;\">Na tyto i dal\u0161\u00ed ot\u00e1zky budeme hledat odpov\u011bdi<\/span><b> na ve\u0159ejn\u00e9 debat\u011b dne 10. \u0159\u00edjna od 14.00 do 17:00 <\/b><span style=\"font-weight: 400;\">v <\/span><b>JIC INMEC <\/b><span style=\"font-weight: 400;\">(Purky\u0148ova 649\/127, Brno), kter\u00e1 se bude skl\u00e1dat ze dvou blok\u016f<\/span><b>. <\/b><span style=\"font-weight: 400;\">Tato debata p\u0159edch\u00e1z\u00ed <\/span><span style=\"font-weight: 400;\">v\u00fdro\u010dn\u00ed konferenci <\/span><span style=\"font-weight: 400;\">Aspen Institute Central Europe hodnot\u00edc\u00ed stav \u010cesk\u00e9 republiky pod n\u00e1zvem <\/span><b>Kam kr\u00e1\u010d\u00ed\u0161, \u010cesko 2018<\/b><span style=\"font-weight: 400;\">, kter\u00e1 prob\u011bhne \u00a022. listopadu 2018. <\/span><\/p>\n<p><span style=\"font-weight: 400;\">Program\u00a0naleznete zde: <\/span><\/p>\n<div align=\"center\"><span style=\"font-size: 16px;\"><a href=\"https:\/\/www.aspeninstitutece.org\/wp-content\/uploads\/aspen-media\/2018\/10\/WEBProgram-Proc\u030c-e-government-kulha\u0301-za-byznysem.pdf\" target=\"_blank\" rel=\"noopener noreferrer\"><span style=\"color: #ffffff;\"><span style=\"line-height: 34px; background: #002776; float: left; padding-right: 26px; padding-left: 26px; border-radius: 24px; text-transform: uppercase;\"><strong>program<\/strong><\/span><\/span><\/a><\/span><\/div>\n<div align=\"center\"><\/div>\n<p>&nbsp;<\/p>\n<p><span style=\"font-weight: 400;\">Registraci na akci naleznete zde: <\/span><\/p>\n<div align=\"center\"><span style=\"font-size: 16px;\"><a href=\"https:\/\/goo.gl\/forms\/M3ZVn2e2QcnogHLj1\" target=\"_blank\" rel=\"noopener noreferrer\"><span style=\"color: #ffffff;\"><span style=\"line-height: 34px; background: #002776; float: left; padding-right: 26px; padding-left: 26px; border-radius: 24px; text-transform: uppercase;\"><strong>registrace<\/strong><\/span><\/span><\/a><\/span><\/div>\n<p>&nbsp;<\/p>\n<p>MEDI\u00c1LN\u00cdM PARTNEREM akce jsou\u00a0<strong>\u00a0<a href=\"http:\/\/averia.news\" rel=\"noopener\">Averia.News<\/a>\u00a0a\u00a0<\/strong><strong><a href=\"https:\/\/www.egov-nn.com\/\" rel=\"noopener\">eGovernment Network News<\/a>\u00a0<\/strong><\/p>\n<p><img loading=\"lazy\" decoding=\"async\" class=\"alignnone wp-image-8272\" src=\"https:\/\/www.aspeninstitutece.org\/wp-content\/uploads\/aspen-media\/2018\/09\/averia-news_logo_egov_logo.png\" alt=\"\" width=\"221\" height=\"38\" \/><\/p>\n<p><img loading=\"lazy\" decoding=\"async\" class=\"alignnone wp-image-7934 size-full\" src=\"https:\/\/www.aspeninstitutece.org\/wp-content\/uploads\/aspen-media\/2018\/09\/aspen_conference_2018_brno3.png\" alt=\"\" width=\"1401\" height=\"700\" \/><\/p>\n","protected":false},"excerpt":{"rendered":"<p>Ve\u0159ejn\u00e1 region\u00e1ln\u00ed debata v Brn\u011b na t\u00e9ma digitalizace st\u00e1tn\u00ed spr\u00e1vy, kter\u00e1 p\u0159edj\u00edm\u00e1 V\u00fdro\u010dn\u00ed konferenci 2018.<\/p>\n","protected":false},"featured_media":0,"template":"","meta":{"_acf_changed":false},"events-tags":[],"class_list":["post-11327","event","type-event","status-publish","hentry"],"acf":[],"_links":{"self":[{"href":"https:\/\/www.aspeninstitutece.org\/cs\/wp-json\/wp\/v2\/event\/11327","targetHints":{"allow":["GET"]}}],"collection":[{"href":"https:\/\/www.aspeninstitutece.org\/cs\/wp-json\/wp\/v2\/event"}],"about":[{"href":"https:\/\/www.aspeninstitutece.org\/cs\/wp-json\/wp\/v2\/types\/event"}],"wp:attachment":[{"href":"https:\/\/www.aspeninstitutece.org\/cs\/wp-json\/wp\/v2\/media?parent=11327"}],"wp:term":[{"taxonomy":"events-tags","embeddable":true,"href":"https:\/\/www.aspeninstitutece.org\/cs\/wp-json\/wp\/v2\/events-tags?post=11327"}],"curies":[{"name":"wp","href":"https:\/\/api.w.org\/{rel}","templated":true}]}}

Proč e-government kulhá za byznysem?

<p><span style="font-weight: 400;">Je to </span><b>paradox</b><span style="font-weight: 400;">: v zemi, kde působí </span><b>řada mezinárodně úspěšných firem v oblasti IT</b><span style="font-weight: 400;"> a digitální ekonomiky, se </span><b>nedaří provést efektivní digitalizaci veřejné správy</b><span style="font-weight: 400;">. Příkladů bylo za poslední léta hned několik, jako například zdlouhavé schvalování zákona o občanských průkazech nebo nepovedená soutěž o nové IT systémy pro úřady práce, která podle šetření NKÚ vedla k ještě většímu plýtvání veřejnými zdroji.</span></p>
<p><span style="font-weight: 400;">V mezinárodním srovnání se to ukazuje zřetelně: v průzkumu OSN </span><i><span style="font-weight: 400;">E-Government Survey 2018 </span></i><span style="font-weight: 400;">si </span><b>Česko v oblasti digitalizace státní správy pohoršilo </b><span style="font-weight: 400;">o čtyři příčky a kleslo na 54. místo. </span><b>Ve srovnání se státy EU si nevede o nic lépe</b><span style="font-weight: 400;">. V </span><i><span style="font-weight: 400;">The Digital Economy and Society Index (DESI) </span></i><span style="font-weight: 400;">pro 2018, který připravuje Evropská komise a měří vyspělost digitální ekonomiky zemí EU, jsme se </span><b>v dimenzi digitálních veřejných služeb (e-government a e-health) umístili na 22. příčce</b><span style="font-weight: 400;">, přičemž ze sousedů si v této oblasti vede hůř jenom Polsko. V počtu </span><b>uživatelů dosavadně zavedených e-služeb</b><span style="font-weight: 400;"> se ČR umístila s 15 procenty </span><b>až na 26. místě</b><span style="font-weight: 400;"> z 28 členských zemí.</span></p>
<p><span style="font-weight: 400;">Na druhé straně stojí robustní </span><b>soukromý IT sektor,</b><span style="font-weight: 400;"> který je </span><b>úspěšný nejen v ČR,</b><span style="font-weight: 400;"> ale také </span><b>v evropském a světovém měřítku</b><span style="font-weight: 400;">. Příkladem může být nejen globálně známý </span><b>Avast, </b><span style="font-weight: 400;">ale také společnost </span><b>Ackee</b><span style="font-weight: 400;">, která získala zakázku na aplikaci pro německý Bundestag, a mnoho dalších menších inovativních firem a startupů. </span><span style="font-weight: 400;">Digitalizace však přináší i </span><b>množství bezpečnostních rizik</b><span style="font-weight: 400;">,  například v oblasti uchovávání osobních dat v kyberprostoru. Rizikem může být i samotné zapojení soukromého sektoru do klíčové IT infrastruktury státu. E-government si proto </span><b>vyžaduje promyšlená řešení</b><span style="font-weight: 400;"> bez nutnosti předražených ad-hoc záplat. Z dosavadních zkušeností vyvstává množství nezodpovězených otázek: </span></p>
<ul>
<li style="font-weight: 400;"><span style="font-weight: 400;">Jak je na tom Česko v oblasti digitalizace a </span><b>jaké jsou plány vlády</b><span style="font-weight: 400;">, jak stagnaci překonat?</span></li>
<li style="font-weight: 400;"><span style="font-weight: 400;">Je příčinou </span><b>zastaralá “papírová” legislativa</b><span style="font-weight: 400;"> nebo rozhodovací procesy znehybněné </span><b>vlivem parciálních zájmů</b><span style="font-weight: 400;">?</span></li>
<li style="font-weight: 400;"><span style="font-weight: 400;">Jak tedy </span><b>otevřít veřejný sektor inovačnímu potenciálu soukromého sektoru</b><span style="font-weight: 400;">? Jak čelit</span><b> možným bezpečnostním rizikům</b><span style="font-weight: 400;"> na rozhraní obou sektorů? </span></li>
<li style="font-weight: 400;"><span style="font-weight: 400;">Je cestou </span><b>soutěžit o nejlepší řešení </b><span style="font-weight: 400;">a až následně vybírat dodavatele? Jak vytvořit podmínky, kde nerozhoduje velikost firmy a její ekonomická síla, ale </span><b>kvalita a inovativnost řešení</b><span style="font-weight: 400;">?</span></li>
</ul>
<p><span style="font-weight: 400;">Na tyto i další otázky budeme hledat odpovědi</span><b> na veřejné debatě dne 10. října od 14.00 do 17:00 </b><span style="font-weight: 400;">v </span><b>JIC INMEC </b><span style="font-weight: 400;">(Purkyňova 649/127, Brno), která se bude skládat ze dvou bloků</span><b>. </b><span style="font-weight: 400;">Tato debata předchází </span><span style="font-weight: 400;">výroční konferenci </span><span style="font-weight: 400;">Aspen Institute Central Europe hodnotící stav České republiky pod názvem </span><b>Kam kráčíš, Česko 2018</b><span style="font-weight: 400;">, která proběhne  22. listopadu 2018. </span></p>
<p><span style="font-weight: 400;">Program naleznete zde: </span></p>
<div align="center"><span style="font-size: 16px;"><a href="https://www.aspeninstitutece.org/wp-content/uploads/aspen-media/2018/10/WEBProgram-Proč-e-government-kulhá-za-byznysem.pdf" target="_blank" rel="noopener noreferrer"><span style="color: #ffffff;"><span style="line-height: 34px; background: #002776; float: left; padding-right: 26px; padding-left: 26px; border-radius: 24px; text-transform: uppercase;"><strong>program</strong></span></span></a></span></div>
<div align="center"></div>
<p>&nbsp;</p>
<p><span style="font-weight: 400;">Registraci na akci naleznete zde: </span></p>
<div align="center"><span style="font-size: 16px;"><a href="https://goo.gl/forms/M3ZVn2e2QcnogHLj1" target="_blank" rel="noopener noreferrer"><span style="color: #ffffff;"><span style="line-height: 34px; background: #002776; float: left; padding-right: 26px; padding-left: 26px; border-radius: 24px; text-transform: uppercase;"><strong>registrace</strong></span></span></a></span></div>
<p>&nbsp;</p>
<p>MEDIÁLNÍM PARTNEREM akce jsou <strong> <a href="http://averia.news" rel="noopener">Averia.News</a> a </strong><strong><a href="https://www.egov-nn.com/" rel="noopener">eGovernment Network News</a> </strong></p>
<p><img loading="lazy" decoding="async" class="alignnone wp-image-8272" src="https://www.aspeninstitutece.org/wp-content/uploads/aspen-media/2018/09/averia-news_logo_egov_logo.png" alt="" width="221" height="38" /></p>
<p><img loading="lazy" decoding="async" class="alignnone wp-image-7934 size-full" src="https://www.aspeninstitutece.org/wp-content/uploads/aspen-media/2018/09/aspen_conference_2018_brno3.png" alt="" width="1401" height="700" /></p>

<p>Veřejná regionální debata v Brně na téma digitalizace státní správy, která předjímá Výroční konferenci 2018.</p>
