{"id":11332,"date":"2024-10-01T01:06:34","date_gmt":"2024-09-30T23:06:34","guid":{"rendered":"https:\/\/aspeninstitutece.softmedia.cz\/event\/informace-data-v-21-stoleti-dobry-sluha-ale-zly-pan\/"},"modified":"2024-11-25T16:16:56","modified_gmt":"2024-11-25T15:16:56","slug":"informace-data-v-21-stoleti-dobry-sluha-ale-zly-pan","status":"publish","type":"event","link":"https:\/\/www.aspeninstitutece.org\/cs\/event\/informace-data-v-21-stoleti-dobry-sluha-ale-zly-pan\/","title":{"rendered":"Informace a data <br> v 21. stolet\u00ed: <br> Dobr\u00fd sluha, ale zl\u00fd p\u00e1n?"},"content":{"rendered":"<p><strong>Prob\u00edhaj\u00edc\u00ed technologick\u00e1 revoluce je spojena s revoluc\u00ed informa\u010dn\u00ed.<\/strong> Spole\u010dnost jako celek vytv\u00e1\u0159\u00ed st\u00e1le v\u011bt\u0161\u00ed objemy dat a vznikaj\u00ed nov\u00e9 a nov\u00e9 n\u00e1stroje a postupy, jak data vyu\u017e\u00edvat v individu\u00e1ln\u00ed, komer\u010dn\u00ed i politick\u00e9 rovin\u011b. Z\u00e1sadn\u011b se m\u011bn\u00ed kontext marketingu, medi\u00e1ln\u00ed komunikace a popisu fakt\u016f v atomizovan\u00fdch m\u00e9di\u00edch. O tom, co pozitivn\u00edho a negativn\u00edho p\u0159in\u00e1\u0161\u00ed informa\u010dn\u00ed revoluce a jak bychom se v na\u0161ich podnic\u00edch, osobn\u00edm \u017eivot\u011b i syst\u00e9mu vzd\u011bl\u00e1v\u00e1n\u00ed m\u011bli orientovat a chovat, p\u0159ijdou diskutovat p\u0159edn\u00ed odborn\u00edci na jednotliv\u00e9 aspekty \u0161irok\u00e9ho t\u00e9matu.<\/p>\n<p><span style=\"font-weight: 400;\">Debata se kon\u00e1 v r\u00e1mci <\/span><b>cyklu Spole\u010dnost 4.0<\/b><span style=\"font-weight: 400;\">, v r\u00e1mci kter\u00e9ho diskutujeme za \u00fa\u010dasti p\u0159edn\u00edch expert\u016f ot\u00e1zky spojen\u00e9 s nov\u00fdmi technologiemi a jejich vlivem na spole\u010dnost. Pod\u00edvejte se na z\u00e1znam z minul\u00e9 debaty<\/span><a href=\"https:\/\/www.aspeninstitutece.org\/news-article\/spolecnost-4-0-jak-se-pripravit-na-dopady-technologicke-revoluce\/\" target=\"_blank\" rel=\"noopener noreferrer\"> <span style=\"font-weight: 400;\">zde<\/span><\/a><span style=\"font-weight: 400;\">.<\/span><\/p>\n<p>Debata\u00a0je po\u0159\u00e1dan\u00e1 ve spolupr\u00e1ci s\u00a0<a href=\"https:\/\/opero.cz\/cs\" target=\"_blank\" rel=\"noopener noreferrer\">Opero<\/a>, <a href=\"https:\/\/www.nfneuron.cz\" target=\"_blank\" rel=\"noopener noreferrer\">NF Neuron<\/a>\u00a0a <a href=\"https:\/\/www.abra.eu\/\" target=\"_blank\" rel=\"noopener noreferrer\">ABRA Software a.s.<\/a><\/p>\n<p>Ud\u00e1lost naleznete tak\u00e9 na <a href=\"https:\/\/www.facebook.com\/events\/2075995932493294\/\" target=\"_blank\" rel=\"noopener noreferrer\">Facebooku<\/a>.<\/p>\n<p>Vstupenky m\u016f\u017eete zakoupit zde:<\/p>\n<h2 align=\"center\"><span style=\"font-size: 16px;\"><a href=\"https:\/\/bit.ly\/2SsHrbO?fbclid=IwAR1Tn2uA7S3d1iak5wI7EnvqIHQM02HwwCLLZ2rtFJ4Yga9Hqxm211F0428\" target=\"_blank\" rel=\"noopener noreferrer\"><span style=\"color: #ffffff;\"><span style=\"line-height: 38px; background: #002776; float: left; padding-right: 19px; padding-left: 19px; border-radius: 24px; text-transform: uppercase;\"><strong>vstupenky<\/strong><\/span><\/span><\/a><\/span><\/h2>\n<h2><strong>\u00a0<\/strong><\/h2>\n<p>Keynotes:<br \/>\n\u27a1 <a href=\"https:\/\/cs.wikipedia.org\/wiki\/Libu%C5%A1e_%C5%A0muclerov%C3%A1\" target=\"_blank\" rel=\"noopener noreferrer\">Libu\u0161e \u0160muclerov\u00e1<\/a> &#8211; p\u0159edsedkyn\u011b p\u0159edstavenstva a CEO, Czech News Center<br \/>\n\u27a1 <a href=\"https:\/\/archiv.ihned.cz\/c1-66266500-umime-sestrelovat-ruske-dezinformacni-rakety-politici-ale-problem-trestuhodne-podcenuji-rika-datovy-analytik-vrabel\" target=\"_blank\" rel=\"noopener noreferrer\">Franti\u0161ek Vr\u00e1bel <\/a>&#8211; CEO, Semantic Visions<\/p>\n<p>Panelist\u00e9:<br \/>\n\u27a1 <a href=\"http:\/\/www.chinafile.com\/contributors\/martin-hala\" target=\"_blank\" rel=\"noopener noreferrer\">Martin H\u00e1la<\/a> &#8211; zakladatel a \u0159editel projektu Sinopsis<br \/>\n\u27a1 <a href=\"https:\/\/www.irozhlas.cz\/zivotni-styl\/spolecnost\/podcast-data-datari-rozhlas-lenka-kovacova-osf-praha_1811090800_cib\" target=\"_blank\" rel=\"noopener noreferrer\">Lenka Kov\u00e1\u010dov\u00e1<\/a> &#8211; koordin\u00e1torka projektu N\u00e1\u0161 st\u00e1t, na\u0161e data, Nadace OSF<br \/>\n\u27a1 <a href=\"https:\/\/www.aspeninstitutece.org\/people-profile\/katerina-krivankova\/\" target=\"_blank\" rel=\"noopener noreferrer\">Kate\u0159ina K\u0159iv\u00e1nkov\u00e1<\/a> &#8211; p\u0159edsedkyn\u011b projektu Zvol si info, alumna Aspen Young Leaders Program<br \/>\n\u27a1 <a href=\"http:\/\/www.jirikus.cz\/\" target=\"_blank\" rel=\"noopener noreferrer\">Ji\u0159\u00ed K\u016fs<\/a> &#8211; psycholog, autor projektu \u010cesko je nano<\/p>\n<p>Debatu moderuje <a href=\"https:\/\/www.simkanic.cz\/\" target=\"_blank\" rel=\"noopener noreferrer\">J\u00e1n Simkani\u010d<\/a>, \u0159editel Den\u00edku N.<\/p>\n<p><img loading=\"lazy\" decoding=\"async\" class=\"alignnone wp-image-9595 size-full\" src=\"https:\/\/www.aspeninstitutece.org\/wp-content\/uploads\/aspen-media\/2019\/02\/190208-spolecnost-4nula-bannery_1400x700.png\" alt=\"\" width=\"1400\" height=\"700\" \/><\/p>\n","protected":false},"excerpt":{"rendered":"<p>Ve\u0159ejn\u00e1 debata z cyklu Spole\u010dnost 4.0.<\/p>\n","protected":false},"featured_media":0,"template":"","meta":{"_acf_changed":false},"events-tags":[],"class_list":["post-11332","event","type-event","status-publish","hentry"],"acf":[],"_links":{"self":[{"href":"https:\/\/www.aspeninstitutece.org\/cs\/wp-json\/wp\/v2\/event\/11332","targetHints":{"allow":["GET"]}}],"collection":[{"href":"https:\/\/www.aspeninstitutece.org\/cs\/wp-json\/wp\/v2\/event"}],"about":[{"href":"https:\/\/www.aspeninstitutece.org\/cs\/wp-json\/wp\/v2\/types\/event"}],"wp:attachment":[{"href":"https:\/\/www.aspeninstitutece.org\/cs\/wp-json\/wp\/v2\/media?parent=11332"}],"wp:term":[{"taxonomy":"events-tags","embeddable":true,"href":"https:\/\/www.aspeninstitutece.org\/cs\/wp-json\/wp\/v2\/events-tags?post=11332"}],"curies":[{"name":"wp","href":"https:\/\/api.w.org\/{rel}","templated":true}]}}

Informace a data <br> v 21. století: <br> Dobrý sluha, ale zlý pán?

<p><strong>Probíhající technologická revoluce je spojena s revolucí informační.</strong> Společnost jako celek vytváří stále větší objemy dat a vznikají nové a nové nástroje a postupy, jak data využívat v individuální, komerční i politické rovině. Zásadně se mění kontext marketingu, mediální komunikace a popisu faktů v atomizovaných médiích. O tom, co pozitivního a negativního přináší informační revoluce a jak bychom se v našich podnicích, osobním životě i systému vzdělávání měli orientovat a chovat, přijdou diskutovat přední odborníci na jednotlivé aspekty širokého tématu.</p>
<p><span style="font-weight: 400;">Debata se koná v rámci </span><b>cyklu Společnost 4.0</b><span style="font-weight: 400;">, v rámci kterého diskutujeme za účasti předních expertů otázky spojené s novými technologiemi a jejich vlivem na společnost. Podívejte se na záznam z minulé debaty</span><a href="https://www.aspeninstitutece.org/news-article/spolecnost-4-0-jak-se-pripravit-na-dopady-technologicke-revoluce/" target="_blank" rel="noopener noreferrer"> <span style="font-weight: 400;">zde</span></a><span style="font-weight: 400;">.</span></p>
<p>Debata je pořádaná ve spolupráci s <a href="https://opero.cz/cs" target="_blank" rel="noopener noreferrer">Opero</a>, <a href="https://www.nfneuron.cz" target="_blank" rel="noopener noreferrer">NF Neuron</a> a <a href="https://www.abra.eu/" target="_blank" rel="noopener noreferrer">ABRA Software a.s.</a></p>
<p>Událost naleznete také na <a href="https://www.facebook.com/events/2075995932493294/" target="_blank" rel="noopener noreferrer">Facebooku</a>.</p>
<p>Vstupenky můžete zakoupit zde:</p>
<h2 align="center"><span style="font-size: 16px;"><a href="https://bit.ly/2SsHrbO?fbclid=IwAR1Tn2uA7S3d1iak5wI7EnvqIHQM02HwwCLLZ2rtFJ4Yga9Hqxm211F0428" target="_blank" rel="noopener noreferrer"><span style="color: #ffffff;"><span style="line-height: 38px; background: #002776; float: left; padding-right: 19px; padding-left: 19px; border-radius: 24px; text-transform: uppercase;"><strong>vstupenky</strong></span></span></a></span></h2>
<h2><strong> </strong></h2>
<p>Keynotes:<br />
➡ <a href="https://cs.wikipedia.org/wiki/Libu%C5%A1e_%C5%A0muclerov%C3%A1" target="_blank" rel="noopener noreferrer">Libuše Šmuclerová</a> &#8211; předsedkyně představenstva a CEO, Czech News Center<br />
➡ <a href="https://archiv.ihned.cz/c1-66266500-umime-sestrelovat-ruske-dezinformacni-rakety-politici-ale-problem-trestuhodne-podcenuji-rika-datovy-analytik-vrabel" target="_blank" rel="noopener noreferrer">František Vrábel </a>&#8211; CEO, Semantic Visions</p>
<p>Panelisté:<br />
➡ <a href="http://www.chinafile.com/contributors/martin-hala" target="_blank" rel="noopener noreferrer">Martin Hála</a> &#8211; zakladatel a ředitel projektu Sinopsis<br />
➡ <a href="https://www.irozhlas.cz/zivotni-styl/spolecnost/podcast-data-datari-rozhlas-lenka-kovacova-osf-praha_1811090800_cib" target="_blank" rel="noopener noreferrer">Lenka Kováčová</a> &#8211; koordinátorka projektu Náš stát, naše data, Nadace OSF<br />
➡ <a href="https://www.aspeninstitutece.org/people-profile/katerina-krivankova/" target="_blank" rel="noopener noreferrer">Kateřina Křivánková</a> &#8211; předsedkyně projektu Zvol si info, alumna Aspen Young Leaders Program<br />
➡ <a href="http://www.jirikus.cz/" target="_blank" rel="noopener noreferrer">Jiří Kůs</a> &#8211; psycholog, autor projektu Česko je nano</p>
<p>Debatu moderuje <a href="https://www.simkanic.cz/" target="_blank" rel="noopener noreferrer">Ján Simkanič</a>, ředitel Deníku N.</p>
<p><img loading="lazy" decoding="async" class="alignnone wp-image-9595 size-full" src="https://www.aspeninstitutece.org/wp-content/uploads/aspen-media/2019/02/190208-spolecnost-4nula-bannery_1400x700.png" alt="" width="1400" height="700" /></p>

<p>Veřejná debata z cyklu Společnost 4.0.</p>
