{"id":11381,"date":"2024-10-01T01:06:36","date_gmt":"2024-09-30T23:06:36","guid":{"rendered":"https:\/\/aspeninstitutece.softmedia.cz\/event\/reditele-zs-co-musi-reditele-umet\/"},"modified":"2024-11-25T16:07:25","modified_gmt":"2024-11-25T15:07:25","slug":"reditele-zs-co-musi-reditele-umet","status":"publish","type":"event","link":"https:\/\/www.aspeninstitutece.org\/cs\/event\/reditele-zs-co-musi-reditele-umet\/","title":{"rendered":"\u0158editel\u00e9 Z\u0160: Co mus\u00ed \u0159editel\u00e9 um\u011bt?"},"content":{"rendered":"<p>Dovolujeme si V\u00e1s pozvat na\u00a0ve\u0159ejnou\u00a0debatu s\u00a0n\u00e1zvem\u00a0<em><strong>\u0158editel\u00e9 Z\u0160: Co mus\u00ed \u0159editel\u00e9 um\u011bt?<\/strong><\/em>, kter\u00e1 se uskute\u010dn\u00ed\u00a0<strong>virtu\u00e1ln\u011b<\/strong>\u00a0<strong>8. z\u00e1\u0159\u00ed\u00a0od 14:00.\u00a0<\/strong><\/p>\n<p><span style=\"font-weight: 400;\">Jak by m\u011bl vypadat profil profil \u0159editele Z\u0160 v 21. stolet\u00ed? Na \u0159editele Z\u0160 jsou kladeny\u00a0 velmi r\u016fznorod\u00e9\u00a0 po\u017eadavky. \u0158editel mus\u00ed b\u00fdt dobr\u00fdm u\u010ditelem, mana\u017eerem, leaderem, schopn\u00fdm vyjedn\u00e1va\u010dem, obratn\u00fdm medi\u00e1torem, a mus\u00ed zast\u00e1vat mnoho dal\u0161\u00edch rol\u00ed. R\u00e1di bychom se zamysleli nad pot\u0159ebn\u00fdmi kompetencemi \u0159editel\u016f Z\u0160 v \u0161ir\u0161\u00edm slova smyslu. Dal\u0161\u00ed ze s\u00e9rie debat <\/span><b>\u0158editel\u00e9 Z\u0160: Co mus\u00ed \u0159editel\u00e9 um\u011bt? <\/b><span style=\"font-weight: 400;\">se zam\u011b\u0159\u00ed na pr\u00e1v\u011b na profil a tyto kompetence:\u00a0<\/span><\/p>\n<ul>\n<li style=\"font-weight: 400;\"><span style=\"font-weight: 400;\">Velmi velk\u00e1 r\u016fznorodost po\u017eadavk\u016f na kompetence \u0159editele.<\/span><\/li>\n<li style=\"font-weight: 400;\"><span style=\"font-weight: 400;\">Specifick\u00e1 skupina, z n\u00ed\u017e se uchaze\u010di rekrutuj\u00ed (u\u010ditel\u00e9).<\/span><\/li>\n<li style=\"font-weight: 400;\"><span style=\"font-weight: 400;\">Problematika dal\u0161\u00edho vzd\u011bl\u00e1v\u00e1n\u00ed p\u0159i v\u00fdkonu funkce.<\/span><\/li>\n<li style=\"font-weight: 400;\"><span style=\"font-weight: 400;\">Nejednotn\u00fd popis role \u0159editele.<\/span><\/li>\n<\/ul>\n<p>T\u011bmito a dal\u0161\u00edmi ot\u00e1zkami se budou zab\u00fdvat tito odborn\u00edci:<\/p>\n<p><a href=\"https:\/\/emojipedia.org\/woman-teacher\/\" rel=\"noopener\"> \u200d <\/a> <a href=\"https:\/\/www.msmt.cz\/ministerstvo\/novinar\/spolecne-vzdelavani-je-prirozena-vec-m-gottfriedova\" rel=\"noopener\"><strong>Marie Gottfriedov\u00e1<\/strong><\/a>, \u0159editelka Z\u0160 Trmice<\/p>\n<p><a href=\"https:\/\/emojipedia.org\/man-teacher\/\" rel=\"noopener\"> \u200d <\/a> <a href=\"https:\/\/www.ucitelnazivo.cz\/jindrich-kitzberger\" rel=\"noopener\"><strong>Jind\u0159ich Kitzberger<\/strong><\/a>, Katedra andragogiky a managementu vzd\u011bl\u00e1v\u00e1n\u00ed\u00a0 Pedagogick\u00e1 fakulta Univerzity Karlovy; spolutv\u016frce Kompeten\u010dn\u00edho modelu<\/p>\n<p><b><a href=\"https:\/\/emojipedia.org\/woman-teacher\/\" rel=\"noopener\"> \u200d <\/a>\u00a0<a href=\"https:\/\/www.reditelnazivo.cz\/en\/hana-kostalova\" rel=\"noopener\">Hana Ko\u0161\u0165\u00e1lov\u00e1<\/a>,<\/b><span style=\"font-weight: 400;\"> \u0159editelka projektu Pom\u00e1h\u00e1me \u0161kol\u00e1m k \u00fasp\u011bchu (P\u0160\u00da), \u0158editel na\u017eivo <\/span><\/p>\n<p><a href=\"https:\/\/emojipedia.org\/man-teacher\/\" rel=\"noopener\"> \u200d <\/a>\u00a0<strong><a href=\"https:\/\/www.rizeniskoly.cz\/cz\/casopis\/rizeni-skoly\/autor\/jan-musuta\" rel=\"noopener\">Jan Mu\u0161uta<\/a><\/strong>, \u0159editel Odboru \u0159\u00edzen\u00ed region\u00e1ln\u00edho \u0161kolstv\u00ed, M\u0160MT<\/p>\n<p>  Debatu moderuje <strong><a href=\"https:\/\/www.youtube.com\/watch?v=y9Vv-Ct1iZU&amp;ab_channel=TEDxTalks\" rel=\"noopener\">Tom\u00e1\u0161 Fe\u0159tek<\/a><\/strong>,\u00a0odborn\u00fd konzultant,\u00a0EDUin<\/p>\n<p>Debatu m\u016f\u017eete sledovat online na na\u0161em <a href=\"https:\/\/www.youtube.com\/watch?v=VBTfVegAObM&amp;ab_channel=AspenInstituteCentralEurope\" rel=\"noopener\">YouTube<\/a> nebo <a href=\"https:\/\/www.facebook.com\/events\/367388578247521\" rel=\"noopener\">Facebooku<\/a>.<\/p>\n<p>Do diskuse se budete moci zapojit i Vy\u00a0<strong>online dotazy<\/strong>\u00a0v pr\u016fb\u011bhu debaty prost\u0159ednictv\u00edm\u00a0<a href=\"https:\/\/app.sli.do\/event\/tvjj8hcq\" rel=\"noopener\">Sli.do<\/a>\u00a0pod heslem\u00a0<strong>#AspenEDU<\/strong>.<\/p>\n<p>T\u011b\u0161\u00edme se na Va\u0161i virtu\u00e1ln\u00ed \u00fa\u010dast!<\/p>\n<p><img loading=\"lazy\" decoding=\"async\" class=\"wp-image-18919 size-full aligncenter\" src=\"https:\/\/www.aspeninstitutece.org\/wp-content\/uploads\/aspen-media\/2021\/08\/edu_debata_03_2021_vizual1920x600.png\" alt=\"\" width=\"1920\" height=\"600\" \/><\/p>\n<p>&nbsp;<\/p>\n","protected":false},"excerpt":{"rendered":"<p>T\u0159et\u00ed ze s\u00e9rie ve\u0159ejn\u00fdch debat, kter\u00e1 se zam\u011b\u0159\u00ed na profil \u0159editele Z\u0160 v 21. stolet\u00ed. Debatu po\u0159\u00e1d\u00e1me ve spolupr\u00e1ci s NPI a \u0158\u00edzen\u00ed \u0161koly.<\/p>\n","protected":false},"featured_media":0,"template":"","meta":{"_acf_changed":false},"events-tags":[],"class_list":["post-11381","event","type-event","status-publish","hentry"],"acf":[],"_links":{"self":[{"href":"https:\/\/www.aspeninstitutece.org\/cs\/wp-json\/wp\/v2\/event\/11381","targetHints":{"allow":["GET"]}}],"collection":[{"href":"https:\/\/www.aspeninstitutece.org\/cs\/wp-json\/wp\/v2\/event"}],"about":[{"href":"https:\/\/www.aspeninstitutece.org\/cs\/wp-json\/wp\/v2\/types\/event"}],"wp:attachment":[{"href":"https:\/\/www.aspeninstitutece.org\/cs\/wp-json\/wp\/v2\/media?parent=11381"}],"wp:term":[{"taxonomy":"events-tags","embeddable":true,"href":"https:\/\/www.aspeninstitutece.org\/cs\/wp-json\/wp\/v2\/events-tags?post=11381"}],"curies":[{"name":"wp","href":"https:\/\/api.w.org\/{rel}","templated":true}]}}

Ředitelé ZŠ: Co musí ředitelé umět?

<p>Dovolujeme si Vás pozvat na veřejnou debatu s názvem <em><strong>Ředitelé ZŠ: Co musí ředitelé umět?</strong></em>, která se uskuteční <strong>virtuálně</strong> <strong>8. září od 14:00. </strong></p>
<p><span style="font-weight: 400;">Jak by měl vypadat profil profil ředitele ZŠ v 21. století? Na ředitele ZŠ jsou kladeny  velmi různorodé  požadavky. Ředitel musí být dobrým učitelem, manažerem, leaderem, schopným vyjednávačem, obratným mediátorem, a musí zastávat mnoho dalších rolí. Rádi bychom se zamysleli nad potřebnými kompetencemi ředitelů ZŠ v širším slova smyslu. Další ze série debat </span><b>Ředitelé ZŠ: Co musí ředitelé umět? </b><span style="font-weight: 400;">se zaměří na právě na profil a tyto kompetence: </span></p>
<ul>
<li style="font-weight: 400;"><span style="font-weight: 400;">Velmi velká různorodost požadavků na kompetence ředitele.</span></li>
<li style="font-weight: 400;"><span style="font-weight: 400;">Specifická skupina, z níž se uchazeči rekrutují (učitelé).</span></li>
<li style="font-weight: 400;"><span style="font-weight: 400;">Problematika dalšího vzdělávání při výkonu funkce.</span></li>
<li style="font-weight: 400;"><span style="font-weight: 400;">Nejednotný popis role ředitele.</span></li>
</ul>
<p>Těmito a dalšími otázkami se budou zabývat tito odborníci:</p>
<p><a href="https://emojipedia.org/woman-teacher/" rel="noopener"> ‍ </a> <a href="https://www.msmt.cz/ministerstvo/novinar/spolecne-vzdelavani-je-prirozena-vec-m-gottfriedova" rel="noopener"><strong>Marie Gottfriedová</strong></a>, ředitelka ZŠ Trmice</p>
<p><a href="https://emojipedia.org/man-teacher/" rel="noopener"> ‍ </a> <a href="https://www.ucitelnazivo.cz/jindrich-kitzberger" rel="noopener"><strong>Jindřich Kitzberger</strong></a>, Katedra andragogiky a managementu vzdělávání  Pedagogická fakulta Univerzity Karlovy; spolutvůrce Kompetenčního modelu</p>
<p><b><a href="https://emojipedia.org/woman-teacher/" rel="noopener"> ‍ </a> <a href="https://www.reditelnazivo.cz/en/hana-kostalova" rel="noopener">Hana Košťálová</a>,</b><span style="font-weight: 400;"> ředitelka projektu Pomáháme školám k úspěchu (PŠÚ), Ředitel naživo </span></p>
<p><a href="https://emojipedia.org/man-teacher/" rel="noopener"> ‍ </a> <strong><a href="https://www.rizeniskoly.cz/cz/casopis/rizeni-skoly/autor/jan-musuta" rel="noopener">Jan Mušuta</a></strong>, ředitel Odboru řízení regionálního školství, MŠMT</p>
<p>  Debatu moderuje <strong><a href="https://www.youtube.com/watch?v=y9Vv-Ct1iZU&amp;ab_channel=TEDxTalks" rel="noopener">Tomáš Feřtek</a></strong>, odborný konzultant, EDUin</p>
<p>Debatu můžete sledovat online na našem <a href="https://www.youtube.com/watch?v=VBTfVegAObM&amp;ab_channel=AspenInstituteCentralEurope" rel="noopener">YouTube</a> nebo <a href="https://www.facebook.com/events/367388578247521" rel="noopener">Facebooku</a>.</p>
<p>Do diskuse se budete moci zapojit i Vy <strong>online dotazy</strong> v průběhu debaty prostřednictvím <a href="https://app.sli.do/event/tvjj8hcq" rel="noopener">Sli.do</a> pod heslem <strong>#AspenEDU</strong>.</p>
<p>Těšíme se na Vaši virtuální účast!</p>
<p><img loading="lazy" decoding="async" class="wp-image-18919 size-full aligncenter" src="https://www.aspeninstitutece.org/wp-content/uploads/aspen-media/2021/08/edu_debata_03_2021_vizual1920x600.png" alt="" width="1920" height="600" /></p>
<p>&nbsp;</p>

<p>Třetí ze série veřejných debat, která se zaměří na profil ředitele ZŠ v 21. století. Debatu pořádáme ve spolupráci s NPI a Řízení školy.</p>
