{"id":30682,"date":"2025-03-03T18:08:38","date_gmt":"2025-03-03T17:08:38","guid":{"rendered":"https:\/\/www.aspeninstitutece.org\/?post_type=event&#038;p=30682"},"modified":"2025-04-28T13:38:57","modified_gmt":"2025-04-28T11:38:57","slug":"proc-demokracie-ve-svete-ztraci-a-upada","status":"publish","type":"event","link":"https:\/\/www.aspeninstitutece.org\/cs\/event\/proc-demokracie-ve-svete-ztraci-a-upada\/","title":{"rendered":"Pro\u010d demokracie ve sv\u011bt\u011b ztr\u00e1c\u00ed a upad\u00e1"},"content":{"rendered":"\n<p>Toto sympozium se zab\u00fdv\u00e1 celosv\u011btov\u00fdm \u00fapadkem demokracie od 90. let 20. stolet\u00ed, kter\u00fd se vyzna\u010duje klesaj\u00edc\u00edm po\u010dtem demokratick\u00fdch st\u00e1t\u016f a sni\u017euj\u00edc\u00edm se po\u010dtem obyvatel \u017eij\u00edc\u00edch pod demokratickou vl\u00e1dou. Diskuse se bude zab\u00fdvat p\u0159\u00ed\u010dinami t\u00e9to demokratick\u00e9 krize, mo\u017en\u00fdmi zp\u016fsoby o\u017eiven\u00ed demokracie a nezbytn\u00fdmi podm\u00ednkami pro jej\u00ed dlouhodobou udr\u017eitelnost v m\u011bn\u00edc\u00edm se sv\u011bt\u011b.<\/p>\n\n\n\n<figure class=\"wp-block-image size-large\"><img loading=\"lazy\" decoding=\"async\" width=\"1024\" height=\"683\" src=\"https:\/\/www.aspeninstitutece.org\/wp-content\/uploads\/2025\/03\/OB_3344_high-1-1024x683.jpg\" alt=\"\" class=\"wp-image-30819\" srcset=\"https:\/\/www.aspeninstitutece.org\/wp-content\/uploads\/2025\/03\/OB_3344_high-1-1024x683.jpg 1024w, https:\/\/www.aspeninstitutece.org\/wp-content\/uploads\/2025\/03\/OB_3344_high-1-300x200.jpg 300w, https:\/\/www.aspeninstitutece.org\/wp-content\/uploads\/2025\/03\/OB_3344_high-1-768x512.jpg 768w, https:\/\/www.aspeninstitutece.org\/wp-content\/uploads\/2025\/03\/OB_3344_high-1-1536x1024.jpg 1536w, https:\/\/www.aspeninstitutece.org\/wp-content\/uploads\/2025\/03\/OB_3344_high-1-2048x1365.jpg 2048w\" sizes=\"auto, (max-width: 1024px) 100vw, 1024px\" \/><\/figure>\n\n\n\n<figure class=\"wp-block-image size-large\"><img loading=\"lazy\" decoding=\"async\" width=\"1024\" height=\"682\" src=\"https:\/\/www.aspeninstitutece.org\/wp-content\/uploads\/2025\/03\/OB_3402_high-1-1024x682.jpg\" alt=\"\" class=\"wp-image-30821\" srcset=\"https:\/\/www.aspeninstitutece.org\/wp-content\/uploads\/2025\/03\/OB_3402_high-1-1024x682.jpg 1024w, https:\/\/www.aspeninstitutece.org\/wp-content\/uploads\/2025\/03\/OB_3402_high-1-300x200.jpg 300w, https:\/\/www.aspeninstitutece.org\/wp-content\/uploads\/2025\/03\/OB_3402_high-1-768x512.jpg 768w, https:\/\/www.aspeninstitutece.org\/wp-content\/uploads\/2025\/03\/OB_3402_high-1-1536x1024.jpg 1536w, https:\/\/www.aspeninstitutece.org\/wp-content\/uploads\/2025\/03\/OB_3402_high-1-2048x1365.jpg 2048w\" sizes=\"auto, (max-width: 1024px) 100vw, 1024px\" \/><\/figure>\n\n\n<div class=\"wp-block-image\">\n<figure class=\"aligncenter size-large\"><img loading=\"lazy\" decoding=\"async\" width=\"682\" height=\"1024\" src=\"https:\/\/www.aspeninstitutece.org\/wp-content\/uploads\/2025\/03\/OB_3419_high-1-682x1024.jpg\" alt=\"\" class=\"wp-image-30823\" srcset=\"https:\/\/www.aspeninstitutece.org\/wp-content\/uploads\/2025\/03\/OB_3419_high-1-682x1024.jpg 682w, https:\/\/www.aspeninstitutece.org\/wp-content\/uploads\/2025\/03\/OB_3419_high-1-200x300.jpg 200w, https:\/\/www.aspeninstitutece.org\/wp-content\/uploads\/2025\/03\/OB_3419_high-1-768x1152.jpg 768w, https:\/\/www.aspeninstitutece.org\/wp-content\/uploads\/2025\/03\/OB_3419_high-1-1024x1536.jpg 1024w, https:\/\/www.aspeninstitutece.org\/wp-content\/uploads\/2025\/03\/OB_3419_high-1-1365x2048.jpg 1365w, https:\/\/www.aspeninstitutece.org\/wp-content\/uploads\/2025\/03\/OB_3419_high-1-scaled.jpg 1706w\" sizes=\"auto, (max-width: 682px) 100vw, 682px\" \/><figcaption class=\"wp-element-caption\">Pro\u010d demokracie ve sv\u011bt\u011b ztr\u00e1c\u00ed a upad\u00e1. (Aspen Institute CE)<\/figcaption><\/figure>\n<\/div>","protected":false},"excerpt":{"rendered":"<p>Toto sympozium se zab\u00fdv\u00e1 celosv\u011btov\u00fdm \u00fapadkem demokracie od 90. let 20. stolet\u00ed, kter\u00fd se vyzna\u010duje klesaj\u00edc\u00edm po\u010dtem demokratick\u00fdch st\u00e1t\u016f a sni\u017euj\u00edc\u00edm se po\u010dtem obyvatel \u017eij\u00edc\u00edch pod demokratickou vl\u00e1dou. Diskuse se bude zab\u00fdvat p\u0159\u00ed\u010dinami t\u00e9to demokratick\u00e9 krize, mo\u017en\u00fdmi zp\u016fsoby o\u017eiven\u00ed demokracie a nezbytn\u00fdmi podm\u00ednkami pro jej\u00ed dlouhodobou udr\u017eitelnost v m\u011bn\u00edc\u00edm se sv\u011bt\u011b.<\/p>\n","protected":false},"featured_media":0,"template":"","meta":{"_acf_changed":true},"events-tags":[],"class_list":["post-30682","event","type-event","status-publish","hentry"],"acf":[],"_links":{"self":[{"href":"https:\/\/www.aspeninstitutece.org\/cs\/wp-json\/wp\/v2\/event\/30682","targetHints":{"allow":["GET"]}}],"collection":[{"href":"https:\/\/www.aspeninstitutece.org\/cs\/wp-json\/wp\/v2\/event"}],"about":[{"href":"https:\/\/www.aspeninstitutece.org\/cs\/wp-json\/wp\/v2\/types\/event"}],"wp:attachment":[{"href":"https:\/\/www.aspeninstitutece.org\/cs\/wp-json\/wp\/v2\/media?parent=30682"}],"wp:term":[{"taxonomy":"events-tags","embeddable":true,"href":"https:\/\/www.aspeninstitutece.org\/cs\/wp-json\/wp\/v2\/events-tags?post=30682"}],"curies":[{"name":"wp","href":"https:\/\/api.w.org\/{rel}","templated":true}]}}

Proč demokracie ve světě ztrácí a upadá

<p>Toto sympozium se zabývá celosvětovým úpadkem demokracie od 90. let 20. století, který se vyznačuje klesajícím počtem demokratických států a snižujícím se počtem obyvatel žijících pod demokratickou vládou. Diskuse se bude zabývat příčinami této demokratické krize, možnými způsoby oživení demokracie a nezbytnými podmínkami pro její dlouhodobou udržitelnost v měnícím se světě.</p>



<figure class="wp-block-image size-large"><img loading="lazy" decoding="async" width="1024" height="683" src="https://www.aspeninstitutece.org/wp-content/uploads/2025/03/OB_3344_high-1-1024x683.jpg" alt="" class="wp-image-30819" srcset="https://www.aspeninstitutece.org/wp-content/uploads/2025/03/OB_3344_high-1-1024x683.jpg 1024w, https://www.aspeninstitutece.org/wp-content/uploads/2025/03/OB_3344_high-1-300x200.jpg 300w, https://www.aspeninstitutece.org/wp-content/uploads/2025/03/OB_3344_high-1-768x512.jpg 768w, https://www.aspeninstitutece.org/wp-content/uploads/2025/03/OB_3344_high-1-1536x1024.jpg 1536w, https://www.aspeninstitutece.org/wp-content/uploads/2025/03/OB_3344_high-1-2048x1365.jpg 2048w" sizes="auto, (max-width: 1024px) 100vw, 1024px" /></figure>



<figure class="wp-block-image size-large"><img loading="lazy" decoding="async" width="1024" height="682" src="https://www.aspeninstitutece.org/wp-content/uploads/2025/03/OB_3402_high-1-1024x682.jpg" alt="" class="wp-image-30821" srcset="https://www.aspeninstitutece.org/wp-content/uploads/2025/03/OB_3402_high-1-1024x682.jpg 1024w, https://www.aspeninstitutece.org/wp-content/uploads/2025/03/OB_3402_high-1-300x200.jpg 300w, https://www.aspeninstitutece.org/wp-content/uploads/2025/03/OB_3402_high-1-768x512.jpg 768w, https://www.aspeninstitutece.org/wp-content/uploads/2025/03/OB_3402_high-1-1536x1024.jpg 1536w, https://www.aspeninstitutece.org/wp-content/uploads/2025/03/OB_3402_high-1-2048x1365.jpg 2048w" sizes="auto, (max-width: 1024px) 100vw, 1024px" /></figure>


<div class="wp-block-image">
<figure class="aligncenter size-large"><img loading="lazy" decoding="async" width="682" height="1024" src="https://www.aspeninstitutece.org/wp-content/uploads/2025/03/OB_3419_high-1-682x1024.jpg" alt="" class="wp-image-30823" srcset="https://www.aspeninstitutece.org/wp-content/uploads/2025/03/OB_3419_high-1-682x1024.jpg 682w, https://www.aspeninstitutece.org/wp-content/uploads/2025/03/OB_3419_high-1-200x300.jpg 200w, https://www.aspeninstitutece.org/wp-content/uploads/2025/03/OB_3419_high-1-768x1152.jpg 768w, https://www.aspeninstitutece.org/wp-content/uploads/2025/03/OB_3419_high-1-1024x1536.jpg 1024w, https://www.aspeninstitutece.org/wp-content/uploads/2025/03/OB_3419_high-1-1365x2048.jpg 1365w, https://www.aspeninstitutece.org/wp-content/uploads/2025/03/OB_3419_high-1-scaled.jpg 1706w" sizes="auto, (max-width: 682px) 100vw, 682px" /><figcaption class="wp-element-caption">Proč demokracie ve světě ztrácí a upadá. (Aspen Institute CE)</figcaption></figure>
</div>

<p>Toto sympozium se zabývá celosvětovým úpadkem demokracie od 90. let 20. století, který se vyznačuje klesajícím počtem demokratických států a snižujícím se počtem obyvatel žijících pod demokratickou vládou. Diskuse se bude zabývat příčinami této demokratické krize, možnými způsoby oživení demokracie a nezbytnými podmínkami pro její dlouhodobou udržitelnost v měnícím se světě.</p>
