{"id":30684,"date":"2025-03-03T18:13:41","date_gmt":"2025-03-03T17:13:41","guid":{"rendered":"https:\/\/www.aspeninstitutece.org\/?post_type=event&#038;p=30684"},"modified":"2025-04-28T13:50:30","modified_gmt":"2025-04-28T11:50:30","slug":"aspen-network-brunch","status":"publish","type":"event","link":"https:\/\/www.aspeninstitutece.org\/cs\/event\/aspen-network-brunch\/","title":{"rendered":"Aspen Network Brunch"},"content":{"rendered":"\n<p>Brunch v pra\u017esk\u00e9 kancel\u00e1\u0159i Aspen Institute Central Europe pro lidi ze s\u00edt\u011b alumni Aspen AYLP, kter\u00fd se chyst\u00e1me po\u0159\u00e1dat pravideln\u011b.<\/p>\n\n\n<div class=\"wp-block-image\">\n<figure class=\"aligncenter size-large\"><img loading=\"lazy\" decoding=\"async\" width=\"577\" height=\"1024\" src=\"https:\/\/www.aspeninstitutece.org\/wp-content\/uploads\/2025\/03\/20250206_092004-2-577x1024.jpg\" alt=\"\" class=\"wp-image-30844\" srcset=\"https:\/\/www.aspeninstitutece.org\/wp-content\/uploads\/2025\/03\/20250206_092004-2-577x1024.jpg 577w, https:\/\/www.aspeninstitutece.org\/wp-content\/uploads\/2025\/03\/20250206_092004-2-169x300.jpg 169w, https:\/\/www.aspeninstitutece.org\/wp-content\/uploads\/2025\/03\/20250206_092004-2-768x1364.jpg 768w, https:\/\/www.aspeninstitutece.org\/wp-content\/uploads\/2025\/03\/20250206_092004-2-865x1536.jpg 865w, https:\/\/www.aspeninstitutece.org\/wp-content\/uploads\/2025\/03\/20250206_092004-2-1153x2048.jpg 1153w, https:\/\/www.aspeninstitutece.org\/wp-content\/uploads\/2025\/03\/20250206_092004-2-scaled.jpg 1441w\" sizes=\"auto, (max-width: 577px) 100vw, 577px\" \/><\/figure>\n<\/div>","protected":false},"excerpt":{"rendered":"<p>Brunch v pra\u017esk\u00e9 kancel\u00e1\u0159i Aspen Institute Central Europe pro lidi ze s\u00edt\u011b alumni Aspen AYLP, kter\u00fd se chyst\u00e1me po\u0159\u00e1dat pravideln\u011b.<\/p>\n","protected":false},"featured_media":0,"template":"","meta":{"_acf_changed":true},"events-tags":[],"class_list":["post-30684","event","type-event","status-publish","hentry"],"acf":[],"_links":{"self":[{"href":"https:\/\/www.aspeninstitutece.org\/cs\/wp-json\/wp\/v2\/event\/30684","targetHints":{"allow":["GET"]}}],"collection":[{"href":"https:\/\/www.aspeninstitutece.org\/cs\/wp-json\/wp\/v2\/event"}],"about":[{"href":"https:\/\/www.aspeninstitutece.org\/cs\/wp-json\/wp\/v2\/types\/event"}],"wp:attachment":[{"href":"https:\/\/www.aspeninstitutece.org\/cs\/wp-json\/wp\/v2\/media?parent=30684"}],"wp:term":[{"taxonomy":"events-tags","embeddable":true,"href":"https:\/\/www.aspeninstitutece.org\/cs\/wp-json\/wp\/v2\/events-tags?post=30684"}],"curies":[{"name":"wp","href":"https:\/\/api.w.org\/{rel}","templated":true}]}}

<p>Brunch v pražské kanceláři Aspen Institute Central Europe pro lidi ze sítě alumni Aspen AYLP, který se chystáme pořádat pravidelně.</p>


<div class="wp-block-image">
<figure class="aligncenter size-large"><img loading="lazy" decoding="async" width="577" height="1024" src="https://www.aspeninstitutece.org/wp-content/uploads/2025/03/20250206_092004-2-577x1024.jpg" alt="" class="wp-image-30844" srcset="https://www.aspeninstitutece.org/wp-content/uploads/2025/03/20250206_092004-2-577x1024.jpg 577w, https://www.aspeninstitutece.org/wp-content/uploads/2025/03/20250206_092004-2-169x300.jpg 169w, https://www.aspeninstitutece.org/wp-content/uploads/2025/03/20250206_092004-2-768x1364.jpg 768w, https://www.aspeninstitutece.org/wp-content/uploads/2025/03/20250206_092004-2-865x1536.jpg 865w, https://www.aspeninstitutece.org/wp-content/uploads/2025/03/20250206_092004-2-1153x2048.jpg 1153w, https://www.aspeninstitutece.org/wp-content/uploads/2025/03/20250206_092004-2-scaled.jpg 1441w" sizes="auto, (max-width: 577px) 100vw, 577px" /></figure>
</div>

<p>Brunch v pražské kanceláři Aspen Institute Central Europe pro lidi ze sítě alumni Aspen AYLP, který se chystáme pořádat pravidelně.</p>
