{"id":31065,"date":"2025-06-07T16:24:03","date_gmt":"2025-06-07T14:24:03","guid":{"rendered":"https:\/\/www.aspeninstitutece.org\/?post_type=event&#038;p=31065"},"modified":"2025-06-09T21:57:06","modified_gmt":"2025-06-09T19:57:06","slug":"spolecnost-4-0-odolnost-evropy-ve-21-stoleti","status":"publish","type":"event","link":"https:\/\/www.aspeninstitutece.org\/cs\/event\/spolecnost-4-0-odolnost-evropy-ve-21-stoleti\/","title":{"rendered":"Spole\u010dnost 4.0: Odolnost Evropy ve 21. stolet\u00ed"},"content":{"rendered":"\n<p>Opero a Aspen Institute Central Europe v\u00e1s zvou na dal\u0161\u00ed d\u00edl debaty z cyklu Spole\u010dnost 4.0, kter\u00fd se jako v\u017edy bude zab\u00fdvat jednou z kl\u00ed\u010dov\u00fdch ot\u00e1zek modern\u00ed doby.<\/p>\n\n\n\n<p>Evropa dnes p\u0159edstavuje nejv\u011bt\u0161\u00ed trh sv\u011bta a z\u00e1rove\u0148 prostor prosperity, stability a soci\u00e1ln\u00edho sm\u00edru. Jak\u00e1 v\u0161ak bude \u2013 a jak\u00e1 by m\u011bla b\u00fdt \u2013 jej\u00ed role v m\u011bn\u00edc\u00edm se glob\u00e1ln\u00edm \u0159\u00e1du v p\u0159\u00ed\u0161t\u00edch dek\u00e1d\u00e1ch?<\/p>\n\n\n\n<p>Sou\u010dasn\u00fd v\u00fdvoj nazna\u010duje posun sm\u011brem k velmocensk\u00e9 rivalit\u011b a logice nulov\u00e9ho sou\u010dtu. Konflikt na Ukrajin\u011b uk\u00e1zal, \u017ee Evropa nedok\u00e1\u017ee bez podpory USA efektivn\u011b chr\u00e1nit sv\u00e9 hranice. V oblasti v\u00fdvoje technologi\u00ed \u2013 zejm\u00e9na um\u011bl\u00e9 inteligence \u2013 i v z\u00e1vodech o vesm\u00edrnou dominanci z\u016fst\u00e1v\u00e1 za Spojen\u00fdmi st\u00e1ty a \u010c\u00ednou.<\/p>\n\n\n\n<p>Jak m\u016f\u017ee Evropa pos\u00edlit svou odolnost a autonomii v kl\u00ed\u010dov\u00fdch oblastech budoucnosti? Jak\u00e1 je jej\u00ed ambice, vize a re\u00e1ln\u00e1 schopnost ovliv\u0148ovat glob\u00e1ln\u00ed d\u011bn\u00ed v nov\u00fdch mocensk\u00fdch dom\u00e9n\u00e1ch? A jakou agendu by m\u011bla prosazovat v nadch\u00e1zej\u00edc\u00edm desetilet\u00ed?<\/p>\n\n\n\n<p>Diskuse:<br>Jakub Landovsk\u00fd (politolog, \u0159editel Aspen Institute CE)<br>Monika Ladmanov\u00e1 (vedouc\u00ed Zastoupen\u00ed Evropsk\u00e9 komise v \u010cR)<br>Jana Matesov\u00e1 (ekonomka, d\u0159\u00edve Sv\u011btov\u00e1 banka)<br>Michal P\u011bchou\u010dek (kybernetik, profesor \u010cVUT, investor Evolution Equity)<br>Kate\u0159ina \u0160techov\u00e1 (Senior Public Policy Manager CEE, Amazon)<\/p>\n","protected":false},"excerpt":{"rendered":"<p>Opero a Aspen Institute Central Europe v\u00e1s zvou na dal\u0161\u00ed d\u00edl debaty z cyklu Spole\u010dnost 4.0, kter\u00fd se jako v\u017edy bude zab\u00fdvat jednou z kl\u00ed\u010dov\u00fdch ot\u00e1zek modern\u00ed doby. Evropa dnes p\u0159edstavuje nejv\u011bt\u0161\u00ed trh sv\u011bta a z\u00e1rove\u0148 prostor prosperity, stability a soci\u00e1ln\u00edho sm\u00edru. Jak\u00e1 v\u0161ak bude \u2013 a jak\u00e1 by m\u011bla b\u00fdt \u2013 jej\u00ed role v [&hellip;]<\/p>\n","protected":false},"featured_media":0,"template":"","meta":{"_acf_changed":true},"events-tags":[],"class_list":["post-31065","event","type-event","status-publish","hentry"],"acf":[],"_links":{"self":[{"href":"https:\/\/www.aspeninstitutece.org\/cs\/wp-json\/wp\/v2\/event\/31065","targetHints":{"allow":["GET"]}}],"collection":[{"href":"https:\/\/www.aspeninstitutece.org\/cs\/wp-json\/wp\/v2\/event"}],"about":[{"href":"https:\/\/www.aspeninstitutece.org\/cs\/wp-json\/wp\/v2\/types\/event"}],"wp:attachment":[{"href":"https:\/\/www.aspeninstitutece.org\/cs\/wp-json\/wp\/v2\/media?parent=31065"}],"wp:term":[{"taxonomy":"events-tags","embeddable":true,"href":"https:\/\/www.aspeninstitutece.org\/cs\/wp-json\/wp\/v2\/events-tags?post=31065"}],"curies":[{"name":"wp","href":"https:\/\/api.w.org\/{rel}","templated":true}]}}

Společnost 4.0: Odolnost Evropy ve 21. století

<p>Opero a Aspen Institute Central Europe vás zvou na další díl debaty z cyklu Společnost 4.0, který se jako vždy bude zabývat jednou z klíčových otázek moderní doby.</p>



<p>Evropa dnes představuje největší trh světa a zároveň prostor prosperity, stability a sociálního smíru. Jaká však bude – a jaká by měla být – její role v měnícím se globálním řádu v příštích dekádách?</p>



<p>Současný vývoj naznačuje posun směrem k velmocenské rivalitě a logice nulového součtu. Konflikt na Ukrajině ukázal, že Evropa nedokáže bez podpory USA efektivně chránit své hranice. V oblasti vývoje technologií – zejména umělé inteligence – i v závodech o vesmírnou dominanci zůstává za Spojenými státy a Čínou.</p>



<p>Jak může Evropa posílit svou odolnost a autonomii v klíčových oblastech budoucnosti? Jaká je její ambice, vize a reálná schopnost ovlivňovat globální dění v nových mocenských doménách? A jakou agendu by měla prosazovat v nadcházejícím desetiletí?</p>



<p>Diskuse:<br>Jakub Landovský (politolog, ředitel Aspen Institute CE)<br>Monika Ladmanová (vedoucí Zastoupení Evropské komise v ČR)<br>Jana Matesová (ekonomka, dříve Světová banka)<br>Michal Pěchouček (kybernetik, profesor ČVUT, investor Evolution Equity)<br>Kateřina Štechová (Senior Public Policy Manager CEE, Amazon)</p>

<p>Opero a Aspen Institute Central Europe vás zvou na další díl debaty z cyklu Společnost 4.0, který se jako vždy bude zabývat jednou z klíčových otázek moderní doby. Evropa dnes představuje největší trh světa a zároveň prostor prosperity, stability a sociálního smíru. Jaká však bude – a jaká by měla být – její role v [&hellip;]</p>
