{"id":31113,"date":"2025-06-15T20:51:26","date_gmt":"2025-06-15T18:51:26","guid":{"rendered":"https:\/\/www.aspeninstitutece.org\/?post_type=event&#038;p=31113"},"modified":"2025-06-15T21:11:58","modified_gmt":"2025-06-15T19:11:58","slug":"aspen-institute-central-europe-na-vogue-summit-2025-vize-pro-budoucnost","status":"publish","type":"event","link":"https:\/\/www.aspeninstitutece.org\/cs\/event\/aspen-institute-central-europe-na-vogue-summit-2025-vize-pro-budoucnost\/","title":{"rendered":"Aspen Institute Central Europe na Vogue Summit 2025: Vize pro budoucnost"},"content":{"rendered":"\n<p>Aspen Institute Central Europe hrd\u011b oznamuje svou \u00fa\u010dast na Vogue Summitu 2025: FutureMadeCZ, exkluzivn\u00ed konferenci, kter\u00e1 se kon\u00e1 v pra\u017esk\u00e9m centru Cubex. Akce se zam\u011b\u0159ila na odv\u00e1\u017en\u00e9 vize pro budoucnost \u010ceska, kterou formuj\u00ed technologie, udr\u017eitelnost a spole\u010densk\u00e9 zm\u011bny. Jak trefn\u011b poznamenala Michaela Seewald, gener\u00e1ln\u00ed \u0159editelka a vydavatelka Vogue CS, Vogue je v\u00edc ne\u017e jen \u010dasopis &#8211; je to komunita a hnut\u00ed, kter\u00e9 spojuje a inspiruje, postaven\u00e9 na hodnot\u00e1ch, jako je autenticita, odvaha a empatie.<\/p>\n\n\n\n<p>Veden\u00ed, hodnoty a bezpe\u010dnost o\u010dima absolvent\u016f Aspenu<br>Na konferenci vystoupili v\u00fdjime\u010dn\u00ed \u0159e\u010dn\u00edci z r\u016fzn\u00fdch obor\u016f, kte\u0159\u00ed odhalili kl\u00ed\u010dov\u00e1 t\u00e9mata pro dne\u0161n\u00ed ml\u00e1de\u017e, ot\u00e1zky, kter\u00e9 se t\u00fdkaj\u00ed n\u00e1s v\u0161ech. Mezi inspirativn\u00edmi \u0159e\u010dn\u00edky byli i na\u0161i absolventi, kte\u0159\u00ed se aktivn\u011b pod\u00edlej\u00ed na utv\u00e1\u0159en\u00ed budoucnosti.<br>Yemi A.D., zakladatel platformy Moonshot, zd\u016fraznil, \u017ee &#8222;\u017eivot se odehr\u00e1v\u00e1 v pohybu, v rytmu&#8220; a \u017ee pohyb p\u0159edstavuje svobodu. Radka Dohnalov\u00e1 nast\u00ednila budouc\u00ed formy veden\u00ed a uk\u00e1zala, jak m\u016f\u017ee um\u011bl\u00e1 inteligence pom\u00e1hat zanepr\u00e1zdn\u011bn\u00fdm jedinc\u016fm. Mezi dal\u0161\u00edmi \u0159e\u010dn\u00edky Aspen Alumni byla tak\u00e9 archeolo\u017eka a populariz\u00e1torka v\u011bdy Sara Polak, kter\u00e1 se z\u00fa\u010dastnila panelov\u00e9 diskuse o s\u00edle, kter\u00e1 se nach\u00e1z\u00ed ve zranitelnosti.<\/p>\n\n\n\n<p>Zvl\u00e1\u0161tn\u00ed pozornost byla v\u011bnov\u00e1na panelu &#8222;Bezpe\u010dnost a ohleduplnost jako kl\u00ed\u010dov\u00e9 my\u0161lenky pro \u017eivot ve sv\u011bt\u011b z\u00edt\u0159ka&#8220;, v n\u011bm\u017e vystoupil n\u00e1\u0161 v\u00fdkonn\u00fd \u0159editel, diplomat a politolog Jakub Landovsk\u00fd. Spolu s re\u017eis\u00e9rem, hercem a sc\u00e9n\u00e1ristou Ji\u0159\u00edm M\u00e1dlem (rovn\u011b\u017e absolventem Aspen Institute) a here\u010dkou Antoni\u00ed Formanovou diskutoval o tom, jak zajistit bezpe\u010dnost a zabr\u00e1nit tomu, aby se \u010desk\u00e1 minulost stala budoucnost\u00ed. Jakub Landovsk\u00fd zd\u016fraznil d\u016fle\u017eitost opakov\u00e1n\u00ed p\u0159\u00edb\u011bh\u016f pam\u011btn\u00edk\u016f, proto\u017ee pro dne\u0161n\u00ed ml\u00e1de\u017e je b\u00fdval\u00fd re\u017eim &#8222;t\u011b\u017eko p\u0159edstaviteln\u00fd&#8220;. Ji\u0159\u00ed M\u00e1dl uzav\u0159el emotivn\u00ed debatu my\u0161lenkou, \u017ee &#8222;vrchol civilizace u\u017e mo\u017en\u00e1 pominul&#8220;, \u010d\u00edm\u017e podtrhl nal\u00e9havost diskuse o budoucnosti.<\/p>\n\n\n\n<p>S\u00edla \u017eensk\u00fdch hlas\u016f a nov\u00e9 ide\u00e1ly<br>Na konferenci zazn\u011bly tak\u00e9 siln\u00e9 \u017eensk\u00e9 hlasy, kter\u00e9 nov\u011b definovaly ide\u00e1ly a hodnoty. B\u00fdval\u00e1 slovensk\u00e1 prezidentka Zuzana \u010caputov\u00e1 zd\u016fraznila, \u017ee soucit a empatie jsou pot\u0159eba v\u00edce ne\u017e kdy jindy a \u017ee \u017eeny do politiky pat\u0159\u00ed, p\u0159esto\u017ee \u010del\u00ed agresivn\u011bj\u0161\u00edmu zach\u00e1zen\u00ed. Jej\u00ed poselstv\u00ed o kvalitn\u00ed a inkluzivn\u00ed politick\u00e9 kultu\u0159e rezonovalo s pot\u0159ebou budovat sv\u011bt zalo\u017een\u00fd na respektu.<\/p>\n\n\n\n<p>Summit Vogue 2025: FutureMadeCZ jasn\u011b uk\u00e1zal, \u017ee budoucnost je slo\u017eit\u00e1 a pln\u00e1 v\u00fdzev, ale nab\u00edz\u00ed tak\u00e9 obrovsk\u00e9 mo\u017enosti. Je na n\u00e1s, abychom si z technologi\u00ed vzali to, co je p\u0159\u00ednosn\u00e9, a z\u016fstali sv\u00fdmi autentick\u00fdmi, jedine\u010dn\u00fdmi j\u00e1. Jsme r\u00e1di, \u017ee jsme mohli b\u00fdt sou\u010d\u00e1st\u00ed t\u00e9to inspirativn\u00ed akce a p\u0159isp\u011bt k diskusi o budoucnosti \u010ceska.<\/p>\n\n\n<div class=\"wp-block-image\">\n<figure class=\"aligncenter size-large\"><img loading=\"lazy\" decoding=\"async\" width=\"576\" height=\"1024\" src=\"https:\/\/www.aspeninstitutece.org\/wp-content\/uploads\/2025\/06\/IMG_4232-1-576x1024.jpg\" alt=\"\" class=\"wp-image-31126\" srcset=\"https:\/\/www.aspeninstitutece.org\/wp-content\/uploads\/2025\/06\/IMG_4232-1-576x1024.jpg 576w, https:\/\/www.aspeninstitutece.org\/wp-content\/uploads\/2025\/06\/IMG_4232-1-169x300.jpg 169w, https:\/\/www.aspeninstitutece.org\/wp-content\/uploads\/2025\/06\/IMG_4232-1-768x1365.jpg 768w, https:\/\/www.aspeninstitutece.org\/wp-content\/uploads\/2025\/06\/IMG_4232-1-864x1536.jpg 864w, https:\/\/www.aspeninstitutece.org\/wp-content\/uploads\/2025\/06\/IMG_4232-1-1152x2048.jpg 1152w, https:\/\/www.aspeninstitutece.org\/wp-content\/uploads\/2025\/06\/IMG_4232-1-scaled.jpg 1440w\" sizes=\"auto, (max-width: 576px) 100vw, 576px\" \/><\/figure>\n<\/div>\n\n<div class=\"wp-block-image\">\n<figure class=\"aligncenter size-large\"><img loading=\"lazy\" decoding=\"async\" width=\"768\" height=\"1024\" src=\"https:\/\/www.aspeninstitutece.org\/wp-content\/uploads\/2025\/06\/IMG_4291-1-768x1024.jpg\" alt=\"\" class=\"wp-image-31116\" srcset=\"https:\/\/www.aspeninstitutece.org\/wp-content\/uploads\/2025\/06\/IMG_4291-1-768x1024.jpg 768w, https:\/\/www.aspeninstitutece.org\/wp-content\/uploads\/2025\/06\/IMG_4291-1-225x300.jpg 225w, https:\/\/www.aspeninstitutece.org\/wp-content\/uploads\/2025\/06\/IMG_4291-1-1152x1536.jpg 1152w, https:\/\/www.aspeninstitutece.org\/wp-content\/uploads\/2025\/06\/IMG_4291-1-1536x2048.jpg 1536w, https:\/\/www.aspeninstitutece.org\/wp-content\/uploads\/2025\/06\/IMG_4291-1-scaled.jpg 1920w\" sizes=\"auto, (max-width: 768px) 100vw, 768px\" \/><\/figure>\n<\/div>","protected":false},"excerpt":{"rendered":"<p>Aspen Institute Central Europe hrd\u011b oznamuje svou \u00fa\u010dast na Vogue Summitu 2025: FutureMadeCZ, exkluzivn\u00ed konferenci, kter\u00e1 se kon\u00e1 v pra\u017esk\u00e9m centru Cubex. Akce se zam\u011b\u0159ila na odv\u00e1\u017en\u00e9 vize pro budoucnost \u010ceska, kterou formuj\u00ed technologie, udr\u017eitelnost a spole\u010densk\u00e9 zm\u011bny. Jak trefn\u011b poznamenala Michaela Seewald, gener\u00e1ln\u00ed \u0159editelka a vydavatelka Vogue CS, Vogue je v\u00edc ne\u017e jen \u010dasopis [&hellip;]<\/p>\n","protected":false},"featured_media":0,"template":"","meta":{"_acf_changed":true},"events-tags":[],"class_list":["post-31113","event","type-event","status-publish","hentry"],"acf":[],"_links":{"self":[{"href":"https:\/\/www.aspeninstitutece.org\/cs\/wp-json\/wp\/v2\/event\/31113","targetHints":{"allow":["GET"]}}],"collection":[{"href":"https:\/\/www.aspeninstitutece.org\/cs\/wp-json\/wp\/v2\/event"}],"about":[{"href":"https:\/\/www.aspeninstitutece.org\/cs\/wp-json\/wp\/v2\/types\/event"}],"wp:attachment":[{"href":"https:\/\/www.aspeninstitutece.org\/cs\/wp-json\/wp\/v2\/media?parent=31113"}],"wp:term":[{"taxonomy":"events-tags","embeddable":true,"href":"https:\/\/www.aspeninstitutece.org\/cs\/wp-json\/wp\/v2\/events-tags?post=31113"}],"curies":[{"name":"wp","href":"https:\/\/api.w.org\/{rel}","templated":true}]}}

<p>Aspen Institute Central Europe hrdě oznamuje svou účast na Vogue Summitu 2025: FutureMadeCZ, exkluzivní konferenci, která se koná v pražském centru Cubex. Akce se zaměřila na odvážné vize pro budoucnost Česka, kterou formují technologie, udržitelnost a společenské změny. Jak trefně poznamenala Michaela Seewald, generální ředitelka a vydavatelka Vogue CS, Vogue je víc než jen časopis &#8211; je to komunita a hnutí, které spojuje a inspiruje, postavené na hodnotách, jako je autenticita, odvaha a empatie.</p>



<p>Vedení, hodnoty a bezpečnost očima absolventů Aspenu<br>Na konferenci vystoupili výjimeční řečníci z různých oborů, kteří odhalili klíčová témata pro dnešní mládež, otázky, které se týkají nás všech. Mezi inspirativními řečníky byli i naši absolventi, kteří se aktivně podílejí na utváření budoucnosti.<br>Yemi A.D., zakladatel platformy Moonshot, zdůraznil, že &#8222;život se odehrává v pohybu, v rytmu&#8220; a že pohyb představuje svobodu. Radka Dohnalová nastínila budoucí formy vedení a ukázala, jak může umělá inteligence pomáhat zaneprázdněným jedincům. Mezi dalšími řečníky Aspen Alumni byla také archeoložka a popularizátorka vědy Sara Polak, která se zúčastnila panelové diskuse o síle, která se nachází ve zranitelnosti.</p>



<p>Zvláštní pozornost byla věnována panelu &#8222;Bezpečnost a ohleduplnost jako klíčové myšlenky pro život ve světě zítřka&#8220;, v němž vystoupil náš výkonný ředitel, diplomat a politolog Jakub Landovský. Spolu s režisérem, hercem a scénáristou Jiřím Mádlem (rovněž absolventem Aspen Institute) a herečkou Antonií Formanovou diskutoval o tom, jak zajistit bezpečnost a zabránit tomu, aby se česká minulost stala budoucností. Jakub Landovský zdůraznil důležitost opakování příběhů pamětníků, protože pro dnešní mládež je bývalý režim &#8222;těžko představitelný&#8220;. Jiří Mádl uzavřel emotivní debatu myšlenkou, že &#8222;vrchol civilizace už možná pominul&#8220;, čímž podtrhl naléhavost diskuse o budoucnosti.</p>



<p>Síla ženských hlasů a nové ideály<br>Na konferenci zazněly také silné ženské hlasy, které nově definovaly ideály a hodnoty. Bývalá slovenská prezidentka Zuzana Čaputová zdůraznila, že soucit a empatie jsou potřeba více než kdy jindy a že ženy do politiky patří, přestože čelí agresivnějšímu zacházení. Její poselství o kvalitní a inkluzivní politické kultuře rezonovalo s potřebou budovat svět založený na respektu.</p>



<p>Summit Vogue 2025: FutureMadeCZ jasně ukázal, že budoucnost je složitá a plná výzev, ale nabízí také obrovské možnosti. Je na nás, abychom si z technologií vzali to, co je přínosné, a zůstali svými autentickými, jedinečnými já. Jsme rádi, že jsme mohli být součástí této inspirativní akce a přispět k diskusi o budoucnosti Česka.</p>


<div class="wp-block-image">
<figure class="aligncenter size-large"><img loading="lazy" decoding="async" width="576" height="1024" src="https://www.aspeninstitutece.org/wp-content/uploads/2025/06/IMG_4232-1-576x1024.jpg" alt="" class="wp-image-31126" srcset="https://www.aspeninstitutece.org/wp-content/uploads/2025/06/IMG_4232-1-576x1024.jpg 576w, https://www.aspeninstitutece.org/wp-content/uploads/2025/06/IMG_4232-1-169x300.jpg 169w, https://www.aspeninstitutece.org/wp-content/uploads/2025/06/IMG_4232-1-768x1365.jpg 768w, https://www.aspeninstitutece.org/wp-content/uploads/2025/06/IMG_4232-1-864x1536.jpg 864w, https://www.aspeninstitutece.org/wp-content/uploads/2025/06/IMG_4232-1-1152x2048.jpg 1152w, https://www.aspeninstitutece.org/wp-content/uploads/2025/06/IMG_4232-1-scaled.jpg 1440w" sizes="auto, (max-width: 576px) 100vw, 576px" /></figure>
</div>

<div class="wp-block-image">
<figure class="aligncenter size-large"><img loading="lazy" decoding="async" width="768" height="1024" src="https://www.aspeninstitutece.org/wp-content/uploads/2025/06/IMG_4291-1-768x1024.jpg" alt="" class="wp-image-31116" srcset="https://www.aspeninstitutece.org/wp-content/uploads/2025/06/IMG_4291-1-768x1024.jpg 768w, https://www.aspeninstitutece.org/wp-content/uploads/2025/06/IMG_4291-1-225x300.jpg 225w, https://www.aspeninstitutece.org/wp-content/uploads/2025/06/IMG_4291-1-1152x1536.jpg 1152w, https://www.aspeninstitutece.org/wp-content/uploads/2025/06/IMG_4291-1-1536x2048.jpg 1536w, https://www.aspeninstitutece.org/wp-content/uploads/2025/06/IMG_4291-1-scaled.jpg 1920w" sizes="auto, (max-width: 768px) 100vw, 768px" /></figure>
</div>

<p>Aspen Institute Central Europe hrdě oznamuje svou účast na Vogue Summitu 2025: FutureMadeCZ, exkluzivní konferenci, která se koná v pražském centru Cubex. Akce se zaměřila na odvážné vize pro budoucnost Česka, kterou formují technologie, udržitelnost a společenské změny. Jak trefně poznamenala Michaela Seewald, generální ředitelka a vydavatelka Vogue CS, Vogue je víc než jen časopis [&hellip;]</p>
