{"id":31647,"date":"2025-12-03T13:23:31","date_gmt":"2025-12-03T12:23:31","guid":{"rendered":"https:\/\/www.aspeninstitutece.org\/?post_type=event&#038;p=31647"},"modified":"2025-12-03T13:23:47","modified_gmt":"2025-12-03T12:23:47","slug":"aspen-alumni-setkani-v-budapesti","status":"publish","type":"event","link":"https:\/\/www.aspeninstitutece.org\/cs\/event\/aspen-alumni-setkani-v-budapesti\/","title":{"rendered":"Aspen Alumni setk\u00e1n\u00ed v Budape\u0161ti"},"content":{"rendered":"\n<p>S pot\u011b\u0161en\u00edm zveme na\u0161e ma\u010farsk\u00e9 absolventy na setk\u00e1n\u00ed s v\u00fdkonn\u00fdm \u0159editelem Tom\u00e1\u0161em Klva\u0148ou a \u010dlenem spr\u00e1vn\u00ed rady Endrem Acsill\u00e1nem. Bude to skv\u011bl\u00e1 p\u0159\u00edle\u017eitost znovu se propojit s dal\u0161\u00edmi absolventy. P\u0159idejte se k n\u00e1m v kav\u00e1rn\u011b Zsolnay k\u00e1v\u00e9h\u00e1z (1067 Budape\u0161\u0165, Ter\u00e9z k\u00f6r\u00fat 43).<\/p>\n","protected":false},"excerpt":{"rendered":"<p>S pot\u011b\u0161en\u00edm zveme na\u0161e ma\u010farsk\u00e9 absolventy na setk\u00e1n\u00ed s v\u00fdkonn\u00fdm \u0159editelem Tom\u00e1\u0161em Klva\u0148ou a \u010dlenem spr\u00e1vn\u00ed rady Endrem Acsill\u00e1nem. Bude to skv\u011bl\u00e1 p\u0159\u00edle\u017eitost znovu se propojit s dal\u0161\u00edmi absolventy. P\u0159idejte se k n\u00e1m v kav\u00e1rn\u011b Zsolnay k\u00e1v\u00e9h\u00e1z (1067 Budape\u0161\u0165, Ter\u00e9z k\u00f6r\u00fat 43).<\/p>\n","protected":false},"featured_media":0,"template":"","meta":{"_acf_changed":true},"events-tags":[],"class_list":["post-31647","event","type-event","status-publish","hentry"],"acf":[],"_links":{"self":[{"href":"https:\/\/www.aspeninstitutece.org\/cs\/wp-json\/wp\/v2\/event\/31647","targetHints":{"allow":["GET"]}}],"collection":[{"href":"https:\/\/www.aspeninstitutece.org\/cs\/wp-json\/wp\/v2\/event"}],"about":[{"href":"https:\/\/www.aspeninstitutece.org\/cs\/wp-json\/wp\/v2\/types\/event"}],"wp:attachment":[{"href":"https:\/\/www.aspeninstitutece.org\/cs\/wp-json\/wp\/v2\/media?parent=31647"}],"wp:term":[{"taxonomy":"events-tags","embeddable":true,"href":"https:\/\/www.aspeninstitutece.org\/cs\/wp-json\/wp\/v2\/events-tags?post=31647"}],"curies":[{"name":"wp","href":"https:\/\/api.w.org\/{rel}","templated":true}]}}

Aspen Alumni setkání v Budapešti

<p>S potěšením zveme naše maďarské absolventy na setkání s výkonným ředitelem Tomášem Klvaňou a členem správní rady Endrem Acsillánem. Bude to skvělá příležitost znovu se propojit s dalšími absolventy. Přidejte se k nám v kavárně Zsolnay kávéház (1067 Budapešť, Teréz körút 43).</p>
