{"id":31869,"date":"2026-03-30T11:16:01","date_gmt":"2026-03-30T09:16:01","guid":{"rendered":"https:\/\/www.aspeninstitutece.org\/?post_type=event&#038;p=31869"},"modified":"2026-03-30T11:16:02","modified_gmt":"2026-03-30T09:16:02","slug":"kulaty-stul-k-verejnopravnim-mediim","status":"publish","type":"event","link":"https:\/\/www.aspeninstitutece.org\/cs\/event\/kulaty-stul-k-verejnopravnim-mediim\/","title":{"rendered":"Kulat\u00fd st\u016fl k ve\u0159ejnopr\u00e1vn\u00edm m\u00e9di\u00edm"},"content":{"rendered":"\n<p>Aspen Institute Central Europe po\u0159\u00e1d\u00e1 kulat\u00fd st\u016fl zam\u011b\u0159en\u00fd na zm\u011bny ve ve\u0159ejnopr\u00e1vn\u00edm vys\u00edl\u00e1n\u00ed v Evrop\u011b v posledn\u00edch n\u011bkolika letech a tak\u00e9 na sou\u010dasn\u00e9 zm\u011bny v \u010cesku. Od obvin\u011bn\u00ed z nedostate\u010dn\u00e9 odpov\u011bdnosti v souvislosti s financov\u00e1n\u00edm prost\u0159ednictv\u00edm koncesion\u00e1\u0159sk\u00fdch poplatk\u016f a\u017e po obvin\u011bn\u00ed ze zaujatosti v d\u016fsledku odklonu od koncesion\u00e1\u0159sk\u00fdch poplatk\u016f sm\u011brem ke st\u00e1tn\u00edmu financov\u00e1n\u00ed budou o nov\u00e9 podob\u011b ve\u0159ejnopr\u00e1vn\u00edho vys\u00edl\u00e1n\u00ed v \u010d\u00e1ste\u010dn\u011b ve\u0159ejn\u00e9m form\u00e1tu debatovat akademici, novin\u00e1\u0159i, politici a vedouc\u00ed p\u0159edstavitel\u00e9 m\u00e9di\u00ed, nap\u0159\u00edklad z\u00e1stupce gener\u00e1ln\u00edho \u0159editele Evropsk\u00e9 vys\u00edlac\u00ed unie.<\/p>\n\n\n\n<p><\/p>\n","protected":false},"excerpt":{"rendered":"<p>Aspen Institute Central Europe po\u0159\u00e1d\u00e1 kulat\u00fd st\u016fl zam\u011b\u0159en\u00fd na zm\u011bny ve ve\u0159ejnopr\u00e1vn\u00edm vys\u00edl\u00e1n\u00ed v Evrop\u011b v posledn\u00edch n\u011bkolika letech a tak\u00e9 na sou\u010dasn\u00e9 zm\u011bny v \u010cesku. Od obvin\u011bn\u00ed z nedostate\u010dn\u00e9 odpov\u011bdnosti v souvislosti s financov\u00e1n\u00edm prost\u0159ednictv\u00edm koncesion\u00e1\u0159sk\u00fdch poplatk\u016f a\u017e po obvin\u011bn\u00ed ze zaujatosti v d\u016fsledku odklonu od koncesion\u00e1\u0159sk\u00fdch poplatk\u016f sm\u011brem ke st\u00e1tn\u00edmu financov\u00e1n\u00ed budou o [&hellip;]<\/p>\n","protected":false},"featured_media":0,"template":"","meta":{"_acf_changed":true},"events-tags":[],"class_list":["post-31869","event","type-event","status-publish","hentry"],"acf":[],"_links":{"self":[{"href":"https:\/\/www.aspeninstitutece.org\/cs\/wp-json\/wp\/v2\/event\/31869","targetHints":{"allow":["GET"]}}],"collection":[{"href":"https:\/\/www.aspeninstitutece.org\/cs\/wp-json\/wp\/v2\/event"}],"about":[{"href":"https:\/\/www.aspeninstitutece.org\/cs\/wp-json\/wp\/v2\/types\/event"}],"wp:attachment":[{"href":"https:\/\/www.aspeninstitutece.org\/cs\/wp-json\/wp\/v2\/media?parent=31869"}],"wp:term":[{"taxonomy":"events-tags","embeddable":true,"href":"https:\/\/www.aspeninstitutece.org\/cs\/wp-json\/wp\/v2\/events-tags?post=31869"}],"curies":[{"name":"wp","href":"https:\/\/api.w.org\/{rel}","templated":true}]}}

Kulatý stůl k veřejnoprávním médiím

<p>Aspen Institute Central Europe pořádá kulatý stůl zaměřený na změny ve veřejnoprávním vysílání v Evropě v posledních několika letech a také na současné změny v Česku. Od obvinění z nedostatečné odpovědnosti v souvislosti s financováním prostřednictvím koncesionářských poplatků až po obvinění ze zaujatosti v důsledku odklonu od koncesionářských poplatků směrem ke státnímu financování budou o nové podobě veřejnoprávního vysílání v částečně veřejném formátu debatovat akademici, novináři, politici a vedoucí představitelé médií, například zástupce generálního ředitele Evropské vysílací unie.</p>



<p></p>

<p>Aspen Institute Central Europe pořádá kulatý stůl zaměřený na změny ve veřejnoprávním vysílání v Evropě v posledních několika letech a také na současné změny v Česku. Od obvinění z nedostatečné odpovědnosti v souvislosti s financováním prostřednictvím koncesionářských poplatků až po obvinění ze zaujatosti v důsledku odklonu od koncesionářských poplatků směrem ke státnímu financování budou o [&hellip;]</p>
