{"id":31873,"date":"2026-04-02T11:03:30","date_gmt":"2026-04-02T09:03:30","guid":{"rendered":"https:\/\/www.aspeninstitutece.org\/?post_type=event&#038;p=31873"},"modified":"2026-04-02T11:03:31","modified_gmt":"2026-04-02T09:03:31","slug":"evropsky-ekonomicky-kongres-v-katovicich","status":"publish","type":"event","link":"https:\/\/www.aspeninstitutece.org\/cs\/event\/evropsky-ekonomicky-kongres-v-katovicich\/","title":{"rendered":"Evropsk\u00fd ekonomick\u00fd kongres v Katovic\u00edch"},"content":{"rendered":"\n<p>Evropsk\u00fd ekonomick\u00fd kongres v Katovic\u00edch je t\u0159\u00eddenn\u00ed cyklus debat, setk\u00e1n\u00ed a doprovodn\u00fdch akc\u00ed, kter\u00e9ho se \u00fa\u010dastn\u00ed z\u00e1stupci z Polska, Evropy i cel\u00e9ho sv\u011bta, v\u010detn\u011b komisa\u0159\u016f EU, p\u0159edsed\u016f vl\u00e1d a z\u00e1stupc\u016f evropsk\u00fdch vl\u00e1d, \u0159editel\u016f velk\u00fdch spole\u010dnost\u00ed, akademick\u00fdch pracovn\u00edk\u016f, odborn\u00edk\u016f z praxe a osob s rozhodovac\u00ed pravomoc\u00ed, kter\u00e9 ovliv\u0148uj\u00ed spole\u010dnost a ekonomiku. V r\u00e1mci otev\u0159en\u00e9 ve\u0159ejn\u00e9 debaty diskutuj\u00ed p\u0159edn\u00ed osobnosti o t\u00e9matech z\u00e1sadn\u00edho v\u00fdznamu z hlediska rozvoje Evropy.<\/p>\n\n\n\n<p>Evropsk\u00fd ekonomick\u00fd kongres organizuje od sv\u00e9ho prvn\u00edho ro\u010dn\u00edku v roce 2009 skupina PTWP. Mezi partnery kongresu pat\u0159\u00ed Aspen Institute Central Europe prost\u0159ednictv\u00edm sv\u00e9 var\u0161avsk\u00e9 kancel\u00e1\u0159e.<\/p>\n","protected":false},"excerpt":{"rendered":"<p>Evropsk\u00fd ekonomick\u00fd kongres v Katovic\u00edch je t\u0159\u00eddenn\u00ed cyklus debat, setk\u00e1n\u00ed a doprovodn\u00fdch akc\u00ed, kter\u00e9ho se \u00fa\u010dastn\u00ed z\u00e1stupci z Polska, Evropy i cel\u00e9ho sv\u011bta, v\u010detn\u011b komisa\u0159\u016f EU, p\u0159edsed\u016f vl\u00e1d a z\u00e1stupc\u016f evropsk\u00fdch vl\u00e1d, \u0159editel\u016f velk\u00fdch spole\u010dnost\u00ed, akademick\u00fdch pracovn\u00edk\u016f, odborn\u00edk\u016f z praxe a osob s rozhodovac\u00ed pravomoc\u00ed, kter\u00e9 ovliv\u0148uj\u00ed spole\u010dnost a ekonomiku. V r\u00e1mci otev\u0159en\u00e9 ve\u0159ejn\u00e9 debaty [&hellip;]<\/p>\n","protected":false},"featured_media":0,"template":"","meta":{"_acf_changed":true},"events-tags":[],"class_list":["post-31873","event","type-event","status-publish","hentry"],"acf":[],"_links":{"self":[{"href":"https:\/\/www.aspeninstitutece.org\/cs\/wp-json\/wp\/v2\/event\/31873","targetHints":{"allow":["GET"]}}],"collection":[{"href":"https:\/\/www.aspeninstitutece.org\/cs\/wp-json\/wp\/v2\/event"}],"about":[{"href":"https:\/\/www.aspeninstitutece.org\/cs\/wp-json\/wp\/v2\/types\/event"}],"wp:attachment":[{"href":"https:\/\/www.aspeninstitutece.org\/cs\/wp-json\/wp\/v2\/media?parent=31873"}],"wp:term":[{"taxonomy":"events-tags","embeddable":true,"href":"https:\/\/www.aspeninstitutece.org\/cs\/wp-json\/wp\/v2\/events-tags?post=31873"}],"curies":[{"name":"wp","href":"https:\/\/api.w.org\/{rel}","templated":true}]}}

Evropský ekonomický kongres v Katovicích

<p>Evropský ekonomický kongres v Katovicích je třídenní cyklus debat, setkání a doprovodných akcí, kterého se účastní zástupci z Polska, Evropy i celého světa, včetně komisařů EU, předsedů vlád a zástupců evropských vlád, ředitelů velkých společností, akademických pracovníků, odborníků z praxe a osob s rozhodovací pravomocí, které ovlivňují společnost a ekonomiku. V rámci otevřené veřejné debaty diskutují přední osobnosti o tématech zásadního významu z hlediska rozvoje Evropy.</p>



<p>Evropský ekonomický kongres organizuje od svého prvního ročníku v roce 2009 skupina PTWP. Mezi partnery kongresu patří Aspen Institute Central Europe prostřednictvím své varšavské kanceláře.</p>

<p>Evropský ekonomický kongres v Katovicích je třídenní cyklus debat, setkání a doprovodných akcí, kterého se účastní zástupci z Polska, Evropy i celého světa, včetně komisařů EU, předsedů vlád a zástupců evropských vlád, ředitelů velkých společností, akademických pracovníků, odborníků z praxe a osob s rozhodovací pravomocí, které ovlivňují společnost a ekonomiku. V rámci otevřené veřejné debaty [&hellip;]</p>
