{"id":3942,"date":"2017-03-14T00:00:00","date_gmt":"2017-03-13T23:00:00","guid":{"rendered":"https:\/\/aspeninstitutece.softmedia.cz\/people-profile\/benjamin-cunningham\/"},"modified":"2024-10-23T11:12:52","modified_gmt":"2024-10-23T09:12:52","slug":"benjamin-cunningham","status":"publish","type":"people-profile","link":"https:\/\/www.aspeninstitutece.org\/cs\/people-profile\/benjamin-cunningham\/","title":{"rendered":"Benjamin Cunningham"},"content":{"rendered":"<p><i><span style=\"font-weight: 400;\">Benjamin Cunningham is a Barcelona based writer, scholar and lyricist. The Czech translation of his book \u201cThe Liar: How a Double Agent in the CIA Became the Last Honest Man of the Cold War\u201d is forthcoming in 2024 from Dobrovsk\u00fd as \u201cLh\u00e1\u0159: Jak se z dvojit\u00e9ho agenta CIA stal posledn\u00ed \u010destn\u00fd mu\u017e studen\u00e9 v\u00e1lky\u201d.<\/span><\/i><\/p>\n","protected":false},"excerpt":{"rendered":"<p>Benjamin Cunningham is a Barcelona based writer, scholar and lyricist. The Czech translation of his book \u201cThe Liar: How a Double Agent in the CIA Became the Last Honest Man of the Cold War\u201d is forthcoming in 2024 from Dobrovsk\u00fd as \u201cLh\u00e1\u0159: Jak se z dvojit\u00e9ho agenta CIA stal posledn\u00ed \u010destn\u00fd mu\u017e studen\u00e9 v\u00e1lky\u201d.<\/p>\n","protected":false},"featured_media":1644,"template":"","meta":{"_acf_changed":false},"people_tags":[24],"class_list":["post-3942","people-profile","type-people-profile","status-publish","has-post-thumbnail","hentry","people_tags-aspen-review-authors"],"acf":[],"_links":{"self":[{"href":"https:\/\/www.aspeninstitutece.org\/cs\/wp-json\/wp\/v2\/people-profile\/3942","targetHints":{"allow":["GET"]}}],"collection":[{"href":"https:\/\/www.aspeninstitutece.org\/cs\/wp-json\/wp\/v2\/people-profile"}],"about":[{"href":"https:\/\/www.aspeninstitutece.org\/cs\/wp-json\/wp\/v2\/types\/people-profile"}],"wp:featuredmedia":[{"embeddable":true,"href":"https:\/\/www.aspeninstitutece.org\/cs\/wp-json\/wp\/v2\/media\/1644"}],"wp:attachment":[{"href":"https:\/\/www.aspeninstitutece.org\/cs\/wp-json\/wp\/v2\/media?parent=3942"}],"wp:term":[{"taxonomy":"people_tags","embeddable":true,"href":"https:\/\/www.aspeninstitutece.org\/cs\/wp-json\/wp\/v2\/people_tags?post=3942"}],"curies":[{"name":"wp","href":"https:\/\/api.w.org\/{rel}","templated":true}]}}

<p><i><span style="font-weight: 400;">Benjamin Cunningham is a Barcelona based writer, scholar and lyricist. The Czech translation of his book “The Liar: How a Double Agent in the CIA Became the Last Honest Man of the Cold War” is forthcoming in 2024 from Dobrovský as “Lhář: Jak se z dvojitého agenta CIA stal poslední čestný muž studené války”.</span></i></p>

<p>Benjamin Cunningham is a Barcelona based writer, scholar and lyricist. The Czech translation of his book “The Liar: How a Double Agent in the CIA Became the Last Honest Man of the Cold War” is forthcoming in 2024 from Dobrovský as “Lhář: Jak se z dvojitého agenta CIA stal poslední čestný muž studené války”.</p>
