{"id":3946,"date":"2017-03-14T00:00:00","date_gmt":"2017-03-13T23:00:00","guid":{"rendered":"https:\/\/aspeninstitutece.softmedia.cz\/people-profile\/jiri-sulzenko\/"},"modified":"2024-10-23T11:12:58","modified_gmt":"2024-10-23T09:12:58","slug":"jiri-sulzenko","status":"publish","type":"people-profile","link":"https:\/\/www.aspeninstitutece.org\/cs\/people-profile\/jiri-sulzenko\/","title":{"rendered":"Ji\u0159\u00ed Sul\u017eenko"},"content":{"rendered":"<p>The Program Director of Pilsen 2015. He worked for the Cultural Centre Zahrada located in Ji\u017en\u00ed M\u011bsto, one of Prague\u00b4s peripheral areas, where the Street for Art Festival that Ji\u0159\u00ed co-founded takes place.<\/p>\n","protected":false},"excerpt":{"rendered":"<p>The Program Director of Pilsen 2015. He worked for the Cultural Centre Zahrada located in Ji\u017en\u00ed M\u011bsto, one of Prague\u00b4s peripheral areas, where the Street for Art Festival that Ji\u0159\u00ed co-founded takes place.<\/p>\n","protected":false},"featured_media":0,"template":"","meta":{"_acf_changed":false},"people_tags":[24],"class_list":["post-3946","people-profile","type-people-profile","status-publish","hentry","people_tags-aspen-review-authors"],"acf":[],"_links":{"self":[{"href":"https:\/\/www.aspeninstitutece.org\/cs\/wp-json\/wp\/v2\/people-profile\/3946","targetHints":{"allow":["GET"]}}],"collection":[{"href":"https:\/\/www.aspeninstitutece.org\/cs\/wp-json\/wp\/v2\/people-profile"}],"about":[{"href":"https:\/\/www.aspeninstitutece.org\/cs\/wp-json\/wp\/v2\/types\/people-profile"}],"wp:attachment":[{"href":"https:\/\/www.aspeninstitutece.org\/cs\/wp-json\/wp\/v2\/media?parent=3946"}],"wp:term":[{"taxonomy":"people_tags","embeddable":true,"href":"https:\/\/www.aspeninstitutece.org\/cs\/wp-json\/wp\/v2\/people_tags?post=3946"}],"curies":[{"name":"wp","href":"https:\/\/api.w.org\/{rel}","templated":true}]}}

Jiří Sulženko

<p>The Program Director of Pilsen 2015. He worked for the Cultural Centre Zahrada located in Jižní Město, one of Prague´s peripheral areas, where the Street for Art Festival that Jiří co-founded takes place.</p>
