{"id":4099,"date":"2021-03-13T00:00:00","date_gmt":"2021-03-12T23:00:00","guid":{"rendered":"https:\/\/aspeninstitutece.softmedia.cz\/people-profile\/marketa-pekarova-adamova\/"},"modified":"2024-10-23T11:13:02","modified_gmt":"2024-10-23T09:13:02","slug":"marketa-pekarova-adamova","status":"publish","type":"people-profile","link":"https:\/\/www.aspeninstitutece.org\/cs\/people-profile\/marketa-pekarova-adamova\/","title":{"rendered":"Mark\u00e9ta Pekarov\u00e1 Adamov\u00e1"},"content":{"rendered":"<div>\n<p><span style=\"font-weight: 400;\">Mark\u00e9ta Pekarov\u00e1 Adamov\u00e1 is a Member of the Parliament of the Czech Republic, till 2017 a member of the Committee on Social Affairs, the Committee on Petitions, and Chair of the Subcommittee on Human Rights. Since 2015 she has been vice-president of the political party TOP 09. In 2010, she was elected in the municipal elections and became Councilor for Social Affairs in Prague 8. A graduate of the Czech Technical University in Prague and Charles University, Mrs. Pekarov\u00e1 Adamov\u00e1 specializes in human rights, social affairs, economics and education.<\/span><\/p>\n<\/div>\n<div>Last edited in October, 2017.<\/div>\n","protected":false},"excerpt":{"rendered":"<p>Mark\u00e9ta Pekarov\u00e1 Adamov\u00e1 is a Member of the Parliament of the Czech Republic, till 2017 a member of the Committee on Social Affairs, the Committee on Petitions, and Chair of the Subcommittee on Human Rights. Since 2015 she has been vice-president of the political party TOP 09. In 2010, she was elected in the municipal [&hellip;]<\/p>\n","protected":false},"featured_media":1931,"template":"","meta":{"_acf_changed":false},"people_tags":[41,43,24,25,49,32],"class_list":["post-4099","people-profile","type-people-profile","status-publish","has-post-thumbnail","hentry","people_tags-2017-conference-speaker","people_tags-aspen-annual-conference","people_tags-aspen-review-authors","people_tags-aspen-young-leaders-program","people_tags-aylp-2014","people_tags-aylp-cz"],"acf":[],"_links":{"self":[{"href":"https:\/\/www.aspeninstitutece.org\/cs\/wp-json\/wp\/v2\/people-profile\/4099","targetHints":{"allow":["GET"]}}],"collection":[{"href":"https:\/\/www.aspeninstitutece.org\/cs\/wp-json\/wp\/v2\/people-profile"}],"about":[{"href":"https:\/\/www.aspeninstitutece.org\/cs\/wp-json\/wp\/v2\/types\/people-profile"}],"wp:featuredmedia":[{"embeddable":true,"href":"https:\/\/www.aspeninstitutece.org\/cs\/wp-json\/wp\/v2\/media\/1931"}],"wp:attachment":[{"href":"https:\/\/www.aspeninstitutece.org\/cs\/wp-json\/wp\/v2\/media?parent=4099"}],"wp:term":[{"taxonomy":"people_tags","embeddable":true,"href":"https:\/\/www.aspeninstitutece.org\/cs\/wp-json\/wp\/v2\/people_tags?post=4099"}],"curies":[{"name":"wp","href":"https:\/\/api.w.org\/{rel}","templated":true}]}}

Markéta Pekarová Adamová

<div>
<p><span style="font-weight: 400;">Markéta Pekarová Adamová is a Member of the Parliament of the Czech Republic, till 2017 a member of the Committee on Social Affairs, the Committee on Petitions, and Chair of the Subcommittee on Human Rights. Since 2015 she has been vice-president of the political party TOP 09. In 2010, she was elected in the municipal elections and became Councilor for Social Affairs in Prague 8. A graduate of the Czech Technical University in Prague and Charles University, Mrs. Pekarová Adamová specializes in human rights, social affairs, economics and education.</span></p>
</div>
<div>Last edited in October, 2017.</div>

<p>Markéta Pekarová Adamová is a Member of the Parliament of the Czech Republic, till 2017 a member of the Committee on Social Affairs, the Committee on Petitions, and Chair of the Subcommittee on Human Rights. Since 2015 she has been vice-president of the political party TOP 09. In 2010, she was elected in the municipal [&hellip;]</p>
