{"id":4175,"date":"2017-03-30T00:00:00","date_gmt":"2017-03-29T22:00:00","guid":{"rendered":"https:\/\/aspeninstitutece.softmedia.cz\/people-profile\/michael-zantovsky\/"},"modified":"2024-10-23T11:13:03","modified_gmt":"2024-10-23T09:13:03","slug":"michael-zantovsky","status":"publish","type":"people-profile","link":"https:\/\/www.aspeninstitutece.org\/cs\/people-profile\/michael-zantovsky\/","title":{"rendered":"Michael \u017dantovsk\u00fd"},"content":{"rendered":"<p dir=\"ltr\">Michael \u017dantovsk\u00fd is executive director of the V\u00e1clav Havel Library and a diplomat, politician, writer, and translator. He is the former president of the Aspen Institute Prague, a member of the Forum 2000 Foundation Program Council, former chairman of the Civic Democratic Alliance and a one-time senator of the Civic Democratic Alliance in the Parliament of the Czech Republic. He has served as ambassador of the Czech Republic to the United Kingdom, the United States and the State of Israel. He was also the spokesman of President V\u00e1clav Havel and political director at the Office of the President of the Czech Republic. He is a graduate of Charles University in Prague and of McGill University in Canada. His biography of his long-time friend V\u00e1clav Havel, <em>V\u00e1clav Havel: A Life<\/em>, was published in English, Czech and several other languages in November 2014 to high acclaim.<\/p>\n","protected":false},"excerpt":{"rendered":"<p>Michael \u017dantovsk\u00fd is executive director of the V\u00e1clav Havel Library and a diplomat, politician, writer, and translator. He is the former president of the Aspen Institute Prague, a member of the Forum 2000 Foundation Program Council, former chairman of the Civic Democratic Alliance and a one-time senator of the Civic Democratic Alliance in the Parliament [&hellip;]<\/p>\n","protected":false},"featured_media":2090,"template":"","meta":{"_acf_changed":false},"people_tags":[41,52,43,24,71],"class_list":["post-4175","people-profile","type-people-profile","status-publish","has-post-thumbnail","hentry","people_tags-2017-conference-speaker","people_tags-aspen","people_tags-aspen-annual-conference","people_tags-aspen-review-authors","people_tags-honorary-functions"],"acf":[],"_links":{"self":[{"href":"https:\/\/www.aspeninstitutece.org\/cs\/wp-json\/wp\/v2\/people-profile\/4175","targetHints":{"allow":["GET"]}}],"collection":[{"href":"https:\/\/www.aspeninstitutece.org\/cs\/wp-json\/wp\/v2\/people-profile"}],"about":[{"href":"https:\/\/www.aspeninstitutece.org\/cs\/wp-json\/wp\/v2\/types\/people-profile"}],"wp:featuredmedia":[{"embeddable":true,"href":"https:\/\/www.aspeninstitutece.org\/cs\/wp-json\/wp\/v2\/media\/2090"}],"wp:attachment":[{"href":"https:\/\/www.aspeninstitutece.org\/cs\/wp-json\/wp\/v2\/media?parent=4175"}],"wp:term":[{"taxonomy":"people_tags","embeddable":true,"href":"https:\/\/www.aspeninstitutece.org\/cs\/wp-json\/wp\/v2\/people_tags?post=4175"}],"curies":[{"name":"wp","href":"https:\/\/api.w.org\/{rel}","templated":true}]}}

Michael Žantovský

<p dir="ltr">Michael Žantovský is executive director of the Václav Havel Library and a diplomat, politician, writer, and translator. He is the former president of the Aspen Institute Prague, a member of the Forum 2000 Foundation Program Council, former chairman of the Civic Democratic Alliance and a one-time senator of the Civic Democratic Alliance in the Parliament of the Czech Republic. He has served as ambassador of the Czech Republic to the United Kingdom, the United States and the State of Israel. He was also the spokesman of President Václav Havel and political director at the Office of the President of the Czech Republic. He is a graduate of Charles University in Prague and of McGill University in Canada. His biography of his long-time friend Václav Havel, <em>Václav Havel: A Life</em>, was published in English, Czech and several other languages in November 2014 to high acclaim.</p>

<p>Michael Žantovský is executive director of the Václav Havel Library and a diplomat, politician, writer, and translator. He is the former president of the Aspen Institute Prague, a member of the Forum 2000 Foundation Program Council, former chairman of the Civic Democratic Alliance and a one-time senator of the Civic Democratic Alliance in the Parliament [&hellip;]</p>
