{"id":4187,"date":"2017-03-30T00:00:00","date_gmt":"2017-03-29T22:00:00","guid":{"rendered":"https:\/\/aspeninstitutece.softmedia.cz\/people-profile\/jenda-zacek\/"},"modified":"2024-10-23T11:12:58","modified_gmt":"2024-10-23T09:12:58","slug":"jenda-zacek","status":"publish","type":"people-profile","link":"https:\/\/www.aspeninstitutece.org\/cs\/people-profile\/jenda-zacek\/","title":{"rendered":"Jenda \u017d\u00e1\u010dek"},"content":{"rendered":"<p>Jenda \u017d\u00e1\u010dek is a freelance brand strategist \u2013 consultant, lecturer, and communicator. He helps brands\u00a0with\u00a0development &amp; company strategy, campaigns, communications &amp; PR,\u00a0political marketing, and NGOs. He joined the Aspen Institute in 2016 and was responsible for overall communications and the rebranding in 2017. As the Publishing Editor of the Aspen. Review he\u00a0led the magazine redesign and the launch of the\u00a0Aspen Review web. Today\u00a0he\u00a0handles the whole magazine.<\/p>\n<p>Jenda served\u00a0as the Spokesperson on behalf of more than 50.000 people organized in Jun\u00e1k \u2013 Czech Scouting. In 2011, he became the\u00a0Head of PR department and Spokesperson of the Czech Ministry of Agriculture. From 2013, he was the Head of Communication and Spokesperson at the Czech Green Party.\u00a0He helped to raise the amount of local green representatives by more than 20% and contributed to obtaining four Senate seats for the party.<\/p>\n<p>Jenda \u017d\u00e1\u010dek is active in the topic of communication studies and media ownership. He\u00a0graduated from the Faculty of Social Sciences at Charles University in Prague in marketing communication\u00a0&amp; public relations, and media studies.<\/p>\n","protected":false},"excerpt":{"rendered":"<p>Jenda \u017d\u00e1\u010dek is a freelance brand strategist \u2013 consultant, lecturer, and communicator. He helps brands\u00a0with\u00a0development &amp; company strategy, campaigns, communications &amp; PR,\u00a0political marketing, and NGOs. He joined the Aspen Institute in 2016 and was responsible for overall communications and the rebranding in 2017. As the Publishing Editor of the Aspen. Review he\u00a0led the magazine redesign [&hellip;]<\/p>\n","protected":false},"featured_media":2122,"template":"","meta":{"_acf_changed":false},"people_tags":[52,24],"class_list":["post-4187","people-profile","type-people-profile","status-publish","has-post-thumbnail","hentry","people_tags-aspen","people_tags-aspen-review-authors"],"acf":[],"_links":{"self":[{"href":"https:\/\/www.aspeninstitutece.org\/cs\/wp-json\/wp\/v2\/people-profile\/4187","targetHints":{"allow":["GET"]}}],"collection":[{"href":"https:\/\/www.aspeninstitutece.org\/cs\/wp-json\/wp\/v2\/people-profile"}],"about":[{"href":"https:\/\/www.aspeninstitutece.org\/cs\/wp-json\/wp\/v2\/types\/people-profile"}],"wp:featuredmedia":[{"embeddable":true,"href":"https:\/\/www.aspeninstitutece.org\/cs\/wp-json\/wp\/v2\/media\/2122"}],"wp:attachment":[{"href":"https:\/\/www.aspeninstitutece.org\/cs\/wp-json\/wp\/v2\/media?parent=4187"}],"wp:term":[{"taxonomy":"people_tags","embeddable":true,"href":"https:\/\/www.aspeninstitutece.org\/cs\/wp-json\/wp\/v2\/people_tags?post=4187"}],"curies":[{"name":"wp","href":"https:\/\/api.w.org\/{rel}","templated":true}]}}

Jenda Žáček

<p>Jenda Žáček is a freelance brand strategist – consultant, lecturer, and communicator. He helps brands with development &amp; company strategy, campaigns, communications &amp; PR, political marketing, and NGOs. He joined the Aspen Institute in 2016 and was responsible for overall communications and the rebranding in 2017. As the Publishing Editor of the Aspen. Review he led the magazine redesign and the launch of the Aspen Review web. Today he handles the whole magazine.</p>
<p>Jenda served as the Spokesperson on behalf of more than 50.000 people organized in Junák – Czech Scouting. In 2011, he became the Head of PR department and Spokesperson of the Czech Ministry of Agriculture. From 2013, he was the Head of Communication and Spokesperson at the Czech Green Party. He helped to raise the amount of local green representatives by more than 20% and contributed to obtaining four Senate seats for the party.</p>
<p>Jenda Žáček is active in the topic of communication studies and media ownership. He graduated from the Faculty of Social Sciences at Charles University in Prague in marketing communication &amp; public relations, and media studies.</p>

<p>Jenda Žáček is a freelance brand strategist – consultant, lecturer, and communicator. He helps brands with development &amp; company strategy, campaigns, communications &amp; PR, political marketing, and NGOs. He joined the Aspen Institute in 2016 and was responsible for overall communications and the rebranding in 2017. As the Publishing Editor of the Aspen. Review he led the magazine redesign [&hellip;]</p>
