{"id":4563,"date":"2019-08-08T00:00:00","date_gmt":"2019-08-07T22:00:00","guid":{"rendered":"https:\/\/aspeninstitutece.softmedia.cz\/people-profile\/zuzana-reznickova\/"},"modified":"2024-10-23T10:27:11","modified_gmt":"2024-10-23T08:27:11","slug":"zuzana-reznickova","status":"publish","type":"people-profile","link":"https:\/\/www.aspeninstitutece.org\/cs\/people-profile\/zuzana-reznickova\/","title":{"rendered":"Zuzana \u0158ezn\u00ed\u010dkov\u00e1"},"content":{"rendered":"<p><span style=\"font-weight: 400;\">Zuzana R\u030cezni\u0301c\u030ckova\u0301 is the Chief Executive Officer of BM Management, which manages the assets of the investor Zdene\u030ck Bakala. She is also the Chair of the Board of Directors of the Economia media house, whose portfolio includes, for example, Hospoda\u0301r\u030cske\u0301 noviny, Respekt weekly and the news websites iHNed.cz and Aktualne.cz. She chairs the Supervisory Board of the Bakala Foundation. Zuzana previously held management positions in C\u030cEZ, MEDIATEL and O2. She also held the position of Vice President for Marketing and Sales at Czech Airlines.<\/span><br \/>\nLast edited in November 2021.<\/p>\n","protected":false},"excerpt":{"rendered":"<p>Zuzana R\u030cezni\u0301c\u030ckova\u0301 is the Chief Executive Officer of BM Management, which manages the assets of the investor Zdene\u030ck Bakala. She is also the Chair of the Board of Directors of the Economia media house, whose portfolio includes, for example, Hospoda\u0301r\u030cske\u0301 noviny, Respekt weekly and the news websites iHNed.cz and Aktualne.cz. She chairs the Supervisory Board [&hellip;]<\/p>\n","protected":false},"featured_media":2975,"template":"","meta":{"_acf_changed":false},"people_tags":[42,46,60,33,43,35],"class_list":["post-4563","people-profile","type-people-profile","status-publish","has-post-thumbnail","hentry","people_tags-2018-conference-speaker","people_tags-2019-conference-speaker","people_tags-2020-conference-speaker","people_tags-2021-conference-speaker","people_tags-aspen-annual-conference","people_tags-speakers"],"acf":[],"_links":{"self":[{"href":"https:\/\/www.aspeninstitutece.org\/cs\/wp-json\/wp\/v2\/people-profile\/4563","targetHints":{"allow":["GET"]}}],"collection":[{"href":"https:\/\/www.aspeninstitutece.org\/cs\/wp-json\/wp\/v2\/people-profile"}],"about":[{"href":"https:\/\/www.aspeninstitutece.org\/cs\/wp-json\/wp\/v2\/types\/people-profile"}],"wp:featuredmedia":[{"embeddable":true,"href":"https:\/\/www.aspeninstitutece.org\/cs\/wp-json\/wp\/v2\/media\/2975"}],"wp:attachment":[{"href":"https:\/\/www.aspeninstitutece.org\/cs\/wp-json\/wp\/v2\/media?parent=4563"}],"wp:term":[{"taxonomy":"people_tags","embeddable":true,"href":"https:\/\/www.aspeninstitutece.org\/cs\/wp-json\/wp\/v2\/people_tags?post=4563"}],"curies":[{"name":"wp","href":"https:\/\/api.w.org\/{rel}","templated":true}]}}

Zuzana Řezníčková
