{"id":4643,"date":"2021-08-18T00:00:00","date_gmt":"2021-08-17T22:00:00","guid":{"rendered":"https:\/\/aspeninstitutece.softmedia.cz\/people-profile\/tomas-mikolov\/"},"modified":"2025-01-28T13:23:28","modified_gmt":"2025-01-28T12:23:28","slug":"tomas-mikolov","status":"publish","type":"people-profile","link":"https:\/\/www.aspeninstitutece.org\/cs\/people-profile\/tomas-mikolov\/","title":{"rendered":"Tom\u00e1\u0161 Mikolov"},"content":{"rendered":"<p>Tom\u00e1\u0161 is a Czech computer scientist working in the field of machine learning. He is currently a senior researcher at the Czech Institute of Informatics, Robotics and Cybernetics. In the past, he worked as a research scientist at Facebook AI Research. Prior to joining Facebook in 2014, he worked as a researcher at Johns Hopkins University, Universit\u00e9 de Montr\u00e9al, Microsoft and Google. Tom\u00e1\u0161 has been a member of the Google Brain team, where he developed efficient algorithms for computing distributed representations of words (word2vec project). He obtained his PhD for work on recurrent neural network-based language models (RNNLM). His long-term research goal is to develop intelligent machines capable of communicating with people using natural language. In 2018, Tom\u00e1\u0161 received the Neuron Award for a Major Scientific Discovery in Artificial Intelligence in Computer Science.<\/p>\n<p>Last edited in August, 2020<\/p>\n","protected":false},"excerpt":{"rendered":"<p>Tom\u00e1\u0161 is a Czech computer scientist working in the field of machine learning. He is currently a senior researcher at the Czech Institute of Informatics, Robotics and Cybernetics. In the past, he worked as a research scientist at Facebook AI Research. Prior to joining Facebook in 2014, he worked as a researcher at Johns Hopkins [&hellip;]<\/p>\n","protected":false},"featured_media":3151,"template":"","meta":{"_acf_changed":false},"people_tags":[34,35],"class_list":["post-4643","people-profile","type-people-profile","status-publish","has-post-thumbnail","hentry","people_tags-aylp-speakers","people_tags-speakers"],"acf":[],"_links":{"self":[{"href":"https:\/\/www.aspeninstitutece.org\/cs\/wp-json\/wp\/v2\/people-profile\/4643","targetHints":{"allow":["GET"]}}],"collection":[{"href":"https:\/\/www.aspeninstitutece.org\/cs\/wp-json\/wp\/v2\/people-profile"}],"about":[{"href":"https:\/\/www.aspeninstitutece.org\/cs\/wp-json\/wp\/v2\/types\/people-profile"}],"wp:featuredmedia":[{"embeddable":true,"href":"https:\/\/www.aspeninstitutece.org\/cs\/wp-json\/wp\/v2\/media\/3151"}],"wp:attachment":[{"href":"https:\/\/www.aspeninstitutece.org\/cs\/wp-json\/wp\/v2\/media?parent=4643"}],"wp:term":[{"taxonomy":"people_tags","embeddable":true,"href":"https:\/\/www.aspeninstitutece.org\/cs\/wp-json\/wp\/v2\/people_tags?post=4643"}],"curies":[{"name":"wp","href":"https:\/\/api.w.org\/{rel}","templated":true}]}}

Tomáš Mikolov

<p>Tomáš is a Czech computer scientist working in the field of machine learning. He is currently a senior researcher at the Czech Institute of Informatics, Robotics and Cybernetics. In the past, he worked as a research scientist at Facebook AI Research. Prior to joining Facebook in 2014, he worked as a researcher at Johns Hopkins University, Université de Montréal, Microsoft and Google. Tomáš has been a member of the Google Brain team, where he developed efficient algorithms for computing distributed representations of words (word2vec project). He obtained his PhD for work on recurrent neural network-based language models (RNNLM). His long-term research goal is to develop intelligent machines capable of communicating with people using natural language. In 2018, Tomáš received the Neuron Award for a Major Scientific Discovery in Artificial Intelligence in Computer Science.</p>
<p>Last edited in August, 2020</p>

<p>Tomáš is a Czech computer scientist working in the field of machine learning. He is currently a senior researcher at the Czech Institute of Informatics, Robotics and Cybernetics. In the past, he worked as a research scientist at Facebook AI Research. Prior to joining Facebook in 2014, he worked as a researcher at Johns Hopkins [&hellip;]</p>
